{"id":6215,"date":"2024-08-04T17:48:14","date_gmt":"2024-08-04T15:48:14","guid":{"rendered":"https:\/\/www.moebel.org\/cms\/?post_type=product&#038;p=6215"},"modified":"2024-08-05T14:05:20","modified_gmt":"2024-08-05T12:05:20","slug":"hochschrank-mit-kleiderrohr-kasten-aus-bambus","status":"publish","type":"product","link":"https:\/\/www.moebel.org\/cms\/produkt\/hochschrank-mit-kleiderrohr-kasten-aus-bambus\/","title":{"rendered":"Hochschrank mit Kleiderrohr, Kleiderkasten aus Bambus"},"content":{"rendered":"<p>Diese zweit\u00fcrigen <strong>Bambusschr\u00e4nke <\/strong>sind verwendbar als Kleiderschr\u00e4nke im Schlafzimmer, G\u00e4stezimmer, Kinderzimmer, Vorraum, etc.<\/p>\n<p>Breite ca. 100 cm, Tiefe 65-70 cm, H\u00f6he ca. 210 cm.<\/p>\n<p>Die Schr\u00e4nke haben <strong>1 Kleiderrohr<\/strong>, Hochschr\u00e4nke mit Zwischenb\u00f6den sind leider ausverkauft und nicht mehr lieferbar.<br \/>\nAls Erg\u00e4nzung f\u00fcr W\u00e4sche (wie Socken und andere Kleinteile) gibt es im Internet zahlreiche Angebote f\u00fcr stapelbare <a href=\"https:\/\/www.google.com\/search?sca_esv=f7839580003801af&amp;sca_upv=1&amp;rlz=1C1CHBD_deAT1033AT1033&amp;sxsrf=ADLYWIJU4aXZYtDRyQVR9XI-7H2EbPsDfQ:1722784667046&amp;q=stapelbare+Schubladenboxen+f%C3%BCr+W%C3%A4sche&amp;udm=2&amp;fbs=AEQNm0A6bwEop21ehxKWq5cj-cHa02QUie7apaStVTrDAEoT1FdmHTSMJP_rxgj2yFrTtBmpH5717yOBhIkqKOw9aJq6d1GcloHBjV-Yoi6ep2--ZGJqFcgLhS_2vrX7-6F5k-BPPwLuIIgE3iwKjaBSkpAkujCsg9t82UXktrgYwY-lYrYQ7Z12hMIYfefXl3MDfdKlpLPJeDIf0NivbdSmiV02k9n-DA&amp;sa=X&amp;ved=2ahUKEwjs7emA0duHAxWZ8rsIHdkIHNUQtKgLegQIERAB&amp;biw=1280&amp;bih=551&amp;dpr=1.5\" target=\"_blank\" rel=\"noopener\"><span style=\"color: #d75e11;\">Schubladenboxen<\/span><\/a>, die man einfach in den Schrank stellen kann.<\/p>\n<p>Das ist indonesische Handarbeit (Einzelanfertigung), Ausf\u00fchrung und Ma\u00dfe k\u00f6nnen daher variieren. Die M\u00f6bel selber abzuholen w\u00e4re optimal (weil Abverkauf, keine R\u00fccknahme m\u00f6glich), Lieferung per Spedition ist auch m\u00f6glich.<\/p>\n<p><a href=\"https:\/\/www.moebel.org\/cms\/kontaktformular\/\" target=\"_blank\" rel=\"noopener\"><img loading=\"lazy\" decoding=\"async\" class=\"auto-style1\" src=\"https:\/\/www.moebel.org\/e_mail_bild.jpg\" width=\"111\" height=\"25\"><\/a><\/p>\n<p><a href=\"https:\/\/www.moebel.org\/cms\/kontaktformular\/\" target=\"_blank\" rel=\"noopener\"><strong><span style=\"color: #d75e11;\">Anfrage<\/span><\/strong><\/a><\/p>\n","protected":false},"excerpt":{"rendered":"<p>Diese zweit\u00fcrigen Bambusschr\u00e4nke sind verwendbar als Kleiderschr\u00e4nke im Schlafzimmer, G\u00e4stezimmer, Kinderzimmer, Vorraum, etc. Breite ca. 100 cm, Tiefe 65-70 cm, H\u00f6he ca. 210 cm. Die Schr\u00e4nke<span class=\"excerpt-hellip\"> [\u2026]<\/span><\/p>\n","protected":false},"featured_media":6213,"template":"","meta":{"ngg_post_thumbnail":0},"product_brand":[],"product_cat":[161,47],"product_tag":[784,49,52,180,182,798,795,796,799,797,793,794,170,783,179,181,183,792],"class_list":{"0":"post-6215","1":"product","2":"type-product","3":"status-publish","4":"has-post-thumbnail","6":"product_cat-bambusmoebel-kleiderschraenke-kommoden-nachtkaestchen","7":"product_cat-bambusmoebel-moebel-aus-bambus","8":"product_tag-abverkauf","9":"product_tag-bambus","10":"product_tag-bambusmoebel","11":"product_tag-bambusschrank","12":"product_tag-bambusschraenke","13":"product_tag-haengen","14":"product_tag-hochschrank","15":"product_tag-hochschraenke","16":"product_tag-kleiderkasten","17":"product_tag-kleiderrohr","18":"product_tag-kleiderschrank","19":"product_tag-kleiderschraenke","20":"product_tag-moebel","21":"product_tag-restposten","22":"product_tag-schrank","23":"product_tag-schraenke","24":"product_tag-waescheschrank","25":"product_tag-waescheschraenke","26":"product_shipping_class-spedition","28":"first","29":"instock","30":"taxable","31":"shipping-taxable","32":"purchasable","33":"product-type-simple"},"_links":{"self":[{"href":"https:\/\/www.moebel.org\/cms\/wp-json\/wp\/v2\/product\/6215","targetHints":{"allow":["GET"]}}],"collection":[{"href":"https:\/\/www.moebel.org\/cms\/wp-json\/wp\/v2\/product"}],"about":[{"href":"https:\/\/www.moebel.org\/cms\/wp-json\/wp\/v2\/types\/product"}],"wp:featuredmedia":[{"embeddable":true,"href":"https:\/\/www.moebel.org\/cms\/wp-json\/wp\/v2\/media\/6213"}],"wp:attachment":[{"href":"https:\/\/www.moebel.org\/cms\/wp-json\/wp\/v2\/media?parent=6215"}],"wp:term":[{"taxonomy":"product_brand","embeddable":true,"href":"https:\/\/www.moebel.org\/cms\/wp-json\/wp\/v2\/product_brand?post=6215"},{"taxonomy":"product_cat","embeddable":true,"href":"https:\/\/www.moebel.org\/cms\/wp-json\/wp\/v2\/product_cat?post=6215"},{"taxonomy":"product_tag","embeddable":true,"href":"https:\/\/www.moebel.org\/cms\/wp-json\/wp\/v2\/product_tag?post=6215"}],"curies":[{"name":"wp","href":"https:\/\/api.w.org\/{rel}","templated":true}]}}