{"id":6069,"date":"2023-12-27T14:19:19","date_gmt":"2023-12-27T13:19:19","guid":{"rendered":"https:\/\/www.moebel.org\/cms\/?post_type=product&#038;p=6069"},"modified":"2024-08-05T14:20:39","modified_gmt":"2024-08-05T12:20:39","slug":"bambus-hocker-beistelltische","status":"publish","type":"product","link":"https:\/\/www.moebel.org\/cms\/produkt\/bambus-hocker-beistelltische\/","title":{"rendered":"Bambus-Hocker und Beistelltische"},"content":{"rendered":"<p><strong>Bambus-Hocker<\/strong> (Fu\u00dfablagen) und Bambus-Beistelltische aus Bambusrohr.<\/p>\n<p>Passend zu den anderen <a href=\"https:\/\/www.moebel.org\/cms\/produkt-kategorie\/bambusmoebel-moebel-aus-bambus\/\" target=\"_top\" rel=\"noopener\"><strong><span style=\"color: #d75e11;\">M\u00f6beln aus Bambus<\/span><\/strong><\/a><\/p>\n<p>Das ist indonesische Handarbeit (Einzelanfertigung), Ausf\u00fchrung und Ma\u00dfe k\u00f6nnen daher variieren.<br \/>\nDie M\u00f6bel selber abzuholen w\u00e4re optimal (weil Abverkauf, keine R\u00fccknahme m\u00f6glich), Lieferung per Spedition ist auch m\u00f6glich.<\/p>\n<p><a href=\"https:\/\/www.moebel.org\/cms\/kontaktformular\/\" target=\"_blank\" rel=\"noopener\"><img loading=\"lazy\" decoding=\"async\" class=\"auto-style1\" src=\"https:\/\/www.moebel.org\/e_mail_bild.jpg\" width=\"111\" height=\"25\"><\/a><\/p>\n<p><a href=\"https:\/\/www.moebel.org\/cms\/kontaktformular\/\" target=\"_blank\" rel=\"noopener\"><strong><span style=\"color: #d75e11;\">Anfrage<\/span><\/strong><\/a><\/p>\n","protected":false},"excerpt":{"rendered":"<p>Bambus-Hocker (Fu\u00dfablagen) und Beistelltische aus Bambusrohr.<\/p>\n<p>Passend zu den anderen <a href=\"https:\/\/www.moebel.org\/cms\/produkt-kategorie\/bambusmoebel-moebel-aus-bambus\/\" target=\"_top\" rel=\"noopener\"><strong><span style=\"color: #d75e11;\">M\u00f6beln aus Bambus<\/span><\/strong><\/a><\/p>\n","protected":false},"featured_media":6087,"template":"","meta":{"ngg_post_thumbnail":0},"product_brand":[],"product_cat":[47,748,73],"product_tag":[49,437,436,52,756,757,755,758,735,168,353,211,663,169,751,170,166,165,162,661,167],"class_list":{"0":"post-6069","1":"product","2":"type-product","3":"status-publish","4":"has-post-thumbnail","6":"product_cat-bambusmoebel-moebel-aus-bambus","7":"product_cat-hocker-40-45cm-hoch","8":"product_cat-bambussofas-sofas-sessel-hocker-aus-bambus","9":"product_tag-bambus","10":"product_tag-bambus-hocker","11":"product_tag-bambushocker","12":"product_tag-bambusmoebel","13":"product_tag-beistellhocker","14":"product_tag-beistelltisch","15":"product_tag-footrest","16":"product_tag-fremdenzimmer","17":"product_tag-fussablage","18":"product_tag-gaestezimmer","19":"product_tag-gepolstert","20":"product_tag-hocker","21":"product_tag-hotelzimmer","22":"product_tag-kinderzimmer","23":"product_tag-lounge","24":"product_tag-moebel","25":"product_tag-polsterung","26":"product_tag-sitzkomfort","27":"product_tag-sitzmoebel","28":"product_tag-wohnlandschaft","29":"product_tag-wohnzimmer","30":"product_shipping_class-spedition","32":"first","33":"instock","34":"taxable","35":"shipping-taxable","36":"purchasable","37":"product-type-variable"},"_links":{"self":[{"href":"https:\/\/www.moebel.org\/cms\/wp-json\/wp\/v2\/product\/6069","targetHints":{"allow":["GET"]}}],"collection":[{"href":"https:\/\/www.moebel.org\/cms\/wp-json\/wp\/v2\/product"}],"about":[{"href":"https:\/\/www.moebel.org\/cms\/wp-json\/wp\/v2\/types\/product"}],"wp:featuredmedia":[{"embeddable":true,"href":"https:\/\/www.moebel.org\/cms\/wp-json\/wp\/v2\/media\/6087"}],"wp:attachment":[{"href":"https:\/\/www.moebel.org\/cms\/wp-json\/wp\/v2\/media?parent=6069"}],"wp:term":[{"taxonomy":"product_brand","embeddable":true,"href":"https:\/\/www.moebel.org\/cms\/wp-json\/wp\/v2\/product_brand?post=6069"},{"taxonomy":"product_cat","embeddable":true,"href":"https:\/\/www.moebel.org\/cms\/wp-json\/wp\/v2\/product_cat?post=6069"},{"taxonomy":"product_tag","embeddable":true,"href":"https:\/\/www.moebel.org\/cms\/wp-json\/wp\/v2\/product_tag?post=6069"}],"curies":[{"name":"wp","href":"https:\/\/api.w.org\/{rel}","templated":true}]}}