{"id":6061,"date":"2023-12-27T13:18:59","date_gmt":"2023-12-27T12:18:59","guid":{"rendered":"https:\/\/www.moebel.org\/cms\/?post_type=product&#038;p=6061"},"modified":"2023-12-27T13:18:59","modified_gmt":"2023-12-27T12:18:59","slug":"hocker-aus-stahl-wales-410-ca-40-cm-hoch","status":"publish","type":"product","link":"https:\/\/www.moebel.org\/cms\/produkt\/hocker-aus-stahl-wales-410-ca-40-cm-hoch\/","title":{"rendered":"Hocker aus Stahl, &#8220;Wales-410&#8221;, ca. 40 cm hoch"},"content":{"rendered":"<p><strong>Hocker \/ Hockergestell<\/strong> aus Stahl.<\/p>\n<p>Niedriger Hocker Mod. &#8220;<strong>Wales-410<\/strong>&#8220;, Gestell (H\u00f6he 400mm) ohne Sitz.<\/p>\n<p>Bei den Modellen mit der Bezeichnung &#8220;Wales&#8221; sind in der Regel die <strong>Einzelteile lagernd,<\/strong> diese m\u00fcssen aber noch beschichtet und \/ oder zusammengebaut und verpackt werden. Lieferzeit daher auf <a href=\"https:\/\/www.moebel.org\/cms\/kontaktformular\/\" target=\"_blank\" rel=\"noopener\"><strong><span style=\"color: #d75e11;\">Anfrage<\/span><\/strong><\/a> (mengenabh\u00e4ngig).<\/p>\n<p><strong>Farben<\/strong> vom <strong>Stahl<\/strong> siehe Varianten. Pulverbeschichtungen in Schwarz sind Standard, andere <a href=\"https:\/\/www.moebel.org\/cms\/ral-farben-wales\/\" target=\"_blank\" rel=\"noopener\"><strong><span style=\"color: #d75e11;\">RAL-Farben<\/span><\/strong><\/a> sind auch m\u00f6glich, Aufpreis +30% auf Schwarz!<\/p>\n<p>Passende <strong>Sitze<\/strong> f\u00fcr die Hocker finden Sie <a href=\"https:\/\/www.moebel.org\/cms\/produkt-kategorie\/barhocker\/barhockersitze\/\" target=\"_blank\" rel=\"noopener\"><strong><span style=\"color: #d75e11;\">hier<\/span><\/strong><\/a>! (Holz, Leder, Kunstleder, Stoff, &#8230;)! Sonderanfertigungen in Form und Farbe sind bei den Sitzen auch m\u00f6glich.<\/p>\n<p>M\u00f6bel Mitter, Ihr <a href=\"https:\/\/www.moebel.org\/cms\/kontaktformular\/\" target=\"_blank\" rel=\"noopener\"><strong><span style=\"color: #d75e11;\">Kontakt<\/span><\/strong><\/a> f\u00fcr Hocker und M\u00f6bel aller Art, f\u00fcr Objekte, Schiffe, Hotelzimmer, f\u00fcr die Gastronomie und f\u00fcr zu Hause. E-Mail bitte an:<\/p>\n<p><a href=\"https:\/\/www.moebel.org\/cms\/kontaktformular\/\" target=\"_blank\" rel=\"noopener\"><img loading=\"lazy\" decoding=\"async\" class=\"auto-style1\" src=\"https:\/\/www.moebel.org\/e_mail_bild.jpg\" width=\"147\" height=\"33\"><\/a><\/p>\n","protected":false},"excerpt":{"rendered":"<p>Hocker aus Stahl, &#8220;<strong>Wales-410<\/strong>&#8220;.<\/p>\n<p>Ohne Sitz, 400 mm hoch<\/p>\n<p>&nbsp;<\/p>\n<p>&nbsp;<\/p>\n","protected":false},"featured_media":6051,"template":"","meta":{"ngg_post_thumbnail":0},"product_brand":[],"product_cat":[748],"product_tag":[366,363,367,368,272,270,624,208,214,219,220,211,279,268,369,629,370,222,170,741,630,280,364,209,628,365,753,212,632,749,750,165,162,221,223],"class_list":{"0":"post-6061","1":"product","2":"type-product","3":"status-publish","4":"has-post-thumbnail","6":"product_cat-hocker-40-45cm-hoch","7":"product_tag-bar","8":"product_tag-beschichtet","9":"product_tag-bistro","10":"product_tag-cafe","11":"product_tag-chrom","12":"product_tag-edelstahl","13":"product_tag-farbe","14":"product_tag-farbig","15":"product_tag-gastronomie","16":"product_tag-gestell","17":"product_tag-gestelle","18":"product_tag-hocker","19":"product_tag-hotellerie","20":"product_tag-inox","21":"product_tag-kaffeehaus","22":"product_tag-kaufen","23":"product_tag-lokal","24":"product_tag-metall","25":"product_tag-moebel","26":"product_tag-moebel-fuer-die-gastronomie","27":"product_tag-nirosta","28":"product_tag-objektmoebel","29":"product_tag-pulverbeschichtet","30":"product_tag-ral","31":"product_tag-ral-farbe","32":"product_tag-restaurant","33":"product_tag-rezeption","34":"product_tag-rund","35":"product_tag-saeule","36":"product_tag-schiff","37":"product_tag-schiffe","38":"product_tag-sitzkomfort","39":"product_tag-sitzmoebel","40":"product_tag-stahl","41":"product_tag-verchromt","42":"product_shipping_class-spedition","44":"first","45":"instock","46":"taxable","47":"shipping-taxable","48":"purchasable","49":"product-type-variable"},"_links":{"self":[{"href":"https:\/\/www.moebel.org\/cms\/wp-json\/wp\/v2\/product\/6061","targetHints":{"allow":["GET"]}}],"collection":[{"href":"https:\/\/www.moebel.org\/cms\/wp-json\/wp\/v2\/product"}],"about":[{"href":"https:\/\/www.moebel.org\/cms\/wp-json\/wp\/v2\/types\/product"}],"wp:featuredmedia":[{"embeddable":true,"href":"https:\/\/www.moebel.org\/cms\/wp-json\/wp\/v2\/media\/6051"}],"wp:attachment":[{"href":"https:\/\/www.moebel.org\/cms\/wp-json\/wp\/v2\/media?parent=6061"}],"wp:term":[{"taxonomy":"product_brand","embeddable":true,"href":"https:\/\/www.moebel.org\/cms\/wp-json\/wp\/v2\/product_brand?post=6061"},{"taxonomy":"product_cat","embeddable":true,"href":"https:\/\/www.moebel.org\/cms\/wp-json\/wp\/v2\/product_cat?post=6061"},{"taxonomy":"product_tag","embeddable":true,"href":"https:\/\/www.moebel.org\/cms\/wp-json\/wp\/v2\/product_tag?post=6061"}],"curies":[{"name":"wp","href":"https:\/\/api.w.org\/{rel}","templated":true}]}}

<p><strong>Hocker / Hockergestell</strong> aus Stahl.</p>
<p>Niedriger Hocker Mod. &#8220;<strong>Wales-410</strong>&#8220;, Gestell (Höhe 400mm) ohne Sitz.</p>
<p>Bei den Modellen mit der Bezeichnung &#8220;Wales&#8221; sind in der Regel die <strong>Einzelteile lagernd,</strong> diese müssen aber noch beschichtet und / oder zusammengebaut und verpackt werden. Lieferzeit daher auf <a href="https://www.moebel.org/cms/kontaktformular/" target="_blank" rel="noopener"><strong><span style="color: #d75e11;">Anfrage</span></strong></a> (mengenabhängig).</p>
<p><strong>Farben</strong> vom <strong>Stahl</strong> siehe Varianten. Pulverbeschichtungen in Schwarz sind Standard, andere <a href="https://www.moebel.org/cms/ral-farben-wales/" target="_blank" rel="noopener"><strong><span style="color: #d75e11;">RAL-Farben</span></strong></a> sind auch möglich, Aufpreis +30% auf Schwarz!</p>
<p>Passende <strong>Sitze</strong> für die Hocker finden Sie <a href="https://www.moebel.org/cms/produkt-kategorie/barhocker/barhockersitze/" target="_blank" rel="noopener"><strong><span style="color: #d75e11;">hier</span></strong></a>! (Holz, Leder, Kunstleder, Stoff, &#8230;)! Sonderanfertigungen in Form und Farbe sind bei den Sitzen auch möglich.</p>
<p>Möbel Mitter, Ihr <a href="https://www.moebel.org/cms/kontaktformular/" target="_blank" rel="noopener"><strong><span style="color: #d75e11;">Kontakt</span></strong></a> für Hocker und Möbel aller Art, für Objekte, Schiffe, Hotelzimmer, für die Gastronomie und für zu Hause. E-Mail bitte an:</p>
<p><a href="https://www.moebel.org/cms/kontaktformular/" target="_blank" rel="noopener"><img loading="lazy" decoding="async" class="auto-style1" src="https://www.moebel.org/e_mail_bild.jpg" width="147" height="33"></a></p>
