{"id":6038,"date":"2023-12-27T09:10:55","date_gmt":"2023-12-27T08:10:55","guid":{"rendered":"https:\/\/www.moebel.org\/cms\/?post_type=product&#038;p=6038"},"modified":"2023-12-27T09:15:20","modified_gmt":"2023-12-27T08:15:20","slug":"barhockergestell-wales-498-ohne-sitz","status":"publish","type":"product","link":"https:\/\/www.moebel.org\/cms\/produkt\/barhockergestell-wales-498-ohne-sitz\/","title":{"rendered":"Barhockergestell &#8220;Wales-498&#8221; (ohne Sitz)"},"content":{"rendered":"<p><strong>Barhocker \/ Barhockergestell<\/strong> aus Stahl. &#8220;<strong>Wales-498<\/strong>&#8221; (ohne Sitz).&nbsp;<\/p>\n<p>Passende <strong>Sitze<\/strong> f\u00fcr die Barhocker finden Sie <a href=\"https:\/\/www.moebel.org\/cms\/produkt-kategorie\/barhocker\/barhockersitze\/\" target=\"_blank\" rel=\"noopener\"><strong><span style=\"color: #d75e11;\">hier<\/span><\/strong><\/a>! (Holz, Leder, Kunstleder, Stoff, &#8230;)! Sonderanfertigungen in Form und Farbe sind bei den Sitzen auch m\u00f6glich.<\/p>\n<p>Bei den Modellen mit der Bezeichnung &#8220;Wales&#8221; sind in der Regel die <strong>Einzelteile lagernd,<\/strong> diese m\u00fcssen aber noch beschichtet und \/ oder zusammengebaut und verpackt werden. Lieferzeit daher auf <a href=\"https:\/\/www.moebel.org\/cms\/kontaktformular\/\" target=\"_blank\" rel=\"noopener\"><strong><span style=\"color: #d75e11;\">Anfrage<\/span><\/strong><\/a> (mengenabh\u00e4ngig).<\/p>\n<p><strong>Farben<\/strong> vom <strong>Stahl<\/strong> siehe Varianten. Pulverbeschichtungen in <a href=\"https:\/\/www.moebel.org\/cms\/ral-farben-wales\/\" target=\"_blank\" rel=\"noopener\"><strong><span style=\"color: #d75e11;\">RAL-Farben<\/span><\/strong><\/a> sind auch m\u00f6glich, Aufpreis!<\/p>\n<p>M\u00f6bel Mitter, Ihr <a href=\"https:\/\/www.moebel.org\/cms\/kontaktformular\/\" target=\"_blank\" rel=\"noopener\"><strong><span style=\"color: #d75e11;\">Kontakt<\/span><\/strong><\/a> f\u00fcr Barhocker \/ Tresenhocker \/ Barst\u00fchle \/ M\u00f6bel aller Art, f\u00fcr die Gastronomie und f\u00fcr zu Hause. E-Mail bitte an:<\/p>\n<p><a href=\"https:\/\/www.moebel.org\/cms\/kontaktformular\/\" target=\"_blank\" rel=\"noopener\"><img loading=\"lazy\" decoding=\"async\" class=\"auto-style1\" src=\"https:\/\/www.moebel.org\/e_mail_bild.jpg\" width=\"147\" height=\"33\"><\/a><\/p>\n","protected":false},"excerpt":{"rendered":"<p>Barhockergestell &#8220;Wales-498&#8221; (Gestell ohne Sitz).&nbsp;<\/p>\n<p>Ein Gestell f\u00fcr Barhocker, Tresenhocker, Barst\u00fchle, Sitze bitte extra bestellen<\/p>\n","protected":false},"featured_media":6041,"template":"","meta":{"ngg_post_thumbnail":0},"product_brand":[],"product_cat":[69,57],"product_tag":[366,199,740,626,627,440,441,732,733,363,367,743,368,744,270,624,208,742,642,631,643,214,219,220,279,268,369,629,370,222,170,741,630,280,364,213,209,628,365,165,162,221,200],"class_list":{"0":"post-6038","1":"product","2":"type-product","3":"status-publish","4":"has-post-thumbnail","6":"product_cat-metallbarhocker","7":"product_cat-barhocker","8":"product_tag-bar","9":"product_tag-barhocker","10":"product_tag-barhocker-tresenhocker","11":"product_tag-barhocker-gestell","12":"product_tag-barhocker-gestelle","13":"product_tag-barhockergestell","14":"product_tag-barhockergestelle","15":"product_tag-barstuhl","16":"product_tag-barstuehle","17":"product_tag-beschichtet","18":"product_tag-bistro","19":"product_tag-bistros","20":"product_tag-cafe","21":"product_tag-cafes","22":"product_tag-edelstahl","23":"product_tag-farbe","24":"product_tag-farbig","25":"product_tag-fuer-bars","26":"product_tag-fussraster","27":"product_tag-fussring","28":"product_tag-fussstuetze","29":"product_tag-gastronomie","30":"product_tag-gestell","31":"product_tag-gestelle","32":"product_tag-hotellerie","33":"product_tag-inox","34":"product_tag-kaffeehaus","35":"product_tag-kaufen","36":"product_tag-lokal","37":"product_tag-metall","38":"product_tag-moebel","39":"product_tag-moebel-fuer-die-gastronomie","40":"product_tag-nirosta","41":"product_tag-objektmoebel","42":"product_tag-pulverbeschichtet","43":"product_tag-quadratisch","44":"product_tag-ral","45":"product_tag-ral-farbe","46":"product_tag-restaurant","47":"product_tag-sitzkomfort","48":"product_tag-sitzmoebel","49":"product_tag-stahl","50":"product_tag-tresenhocker","51":"product_shipping_class-spedition","53":"first","54":"instock","55":"taxable","56":"shipping-taxable","57":"purchasable","58":"product-type-variable"},"_links":{"self":[{"href":"https:\/\/www.moebel.org\/cms\/wp-json\/wp\/v2\/product\/6038","targetHints":{"allow":["GET"]}}],"collection":[{"href":"https:\/\/www.moebel.org\/cms\/wp-json\/wp\/v2\/product"}],"about":[{"href":"https:\/\/www.moebel.org\/cms\/wp-json\/wp\/v2\/types\/product"}],"wp:featuredmedia":[{"embeddable":true,"href":"https:\/\/www.moebel.org\/cms\/wp-json\/wp\/v2\/media\/6041"}],"wp:attachment":[{"href":"https:\/\/www.moebel.org\/cms\/wp-json\/wp\/v2\/media?parent=6038"}],"wp:term":[{"taxonomy":"product_brand","embeddable":true,"href":"https:\/\/www.moebel.org\/cms\/wp-json\/wp\/v2\/product_brand?post=6038"},{"taxonomy":"product_cat","embeddable":true,"href":"https:\/\/www.moebel.org\/cms\/wp-json\/wp\/v2\/product_cat?post=6038"},{"taxonomy":"product_tag","embeddable":true,"href":"https:\/\/www.moebel.org\/cms\/wp-json\/wp\/v2\/product_tag?post=6038"}],"curies":[{"name":"wp","href":"https:\/\/api.w.org\/{rel}","templated":true}]}}

<p><strong>Barhocker / Barhockergestell</strong> aus Stahl. &#8220;<strong>Wales-498</strong>&#8221; (ohne Sitz).&nbsp;</p>
<p>Passende <strong>Sitze</strong> für die Barhocker finden Sie <a href="https://www.moebel.org/cms/produkt-kategorie/barhocker/barhockersitze/" target="_blank" rel="noopener"><strong><span style="color: #d75e11;">hier</span></strong></a>! (Holz, Leder, Kunstleder, Stoff, &#8230;)! Sonderanfertigungen in Form und Farbe sind bei den Sitzen auch möglich.</p>
<p>Bei den Modellen mit der Bezeichnung &#8220;Wales&#8221; sind in der Regel die <strong>Einzelteile lagernd,</strong> diese müssen aber noch beschichtet und / oder zusammengebaut und verpackt werden. Lieferzeit daher auf <a href="https://www.moebel.org/cms/kontaktformular/" target="_blank" rel="noopener"><strong><span style="color: #d75e11;">Anfrage</span></strong></a> (mengenabhängig).</p>
<p><strong>Farben</strong> vom <strong>Stahl</strong> siehe Varianten. Pulverbeschichtungen in <a href="https://www.moebel.org/cms/ral-farben-wales/" target="_blank" rel="noopener"><strong><span style="color: #d75e11;">RAL-Farben</span></strong></a> sind auch möglich, Aufpreis!</p>
<p>Möbel Mitter, Ihr <a href="https://www.moebel.org/cms/kontaktformular/" target="_blank" rel="noopener"><strong><span style="color: #d75e11;">Kontakt</span></strong></a> für Barhocker / Tresenhocker / Barstühle / Möbel aller Art, für die Gastronomie und für zu Hause. E-Mail bitte an:</p>
<p><a href="https://www.moebel.org/cms/kontaktformular/" target="_blank" rel="noopener"><img loading="lazy" decoding="async" class="auto-style1" src="https://www.moebel.org/e_mail_bild.jpg" width="147" height="33"></a></p>

<p>Barhockergestell &#8220;Wales-498&#8221; (Gestell ohne Sitz).&nbsp;</p>
<p>Ein Gestell für Barhocker, Tresenhocker, Barstühle, Sitze bitte extra bestellen</p>
