{"id":6008,"date":"2023-12-25T21:18:43","date_gmt":"2023-12-25T20:18:43","guid":{"rendered":"https:\/\/www.moebel.org\/cms\/?post_type=product&#038;p=6008"},"modified":"2023-12-25T21:23:32","modified_gmt":"2023-12-25T20:23:32","slug":"barhocker-barhockergestell-wales-470","status":"publish","type":"product","link":"https:\/\/www.moebel.org\/cms\/produkt\/barhocker-barhockergestell-wales-470\/","title":{"rendered":"Barhocker \/ Barhockergestell &#8220;Wales-470&#8221;"},"content":{"rendered":"<p><strong>Barhocker \/ Barhockergestell &#8220;Wales-470&#8221;<\/strong>, Gestell ohne Sitz.<\/p>\n<p>Bei diesen Modellen sind die <strong>Einzelteile lagernd,<\/strong> diese m\u00fcssen noch beschichtet und zusammengebaut werden. Lieferzeit auf <a href=\"https:\/\/www.moebel.org\/cms\/kontaktformular\/\" target=\"_blank\" rel=\"noopener\"><strong><span style=\"color: #d75e11;\">Anfrage<\/span><\/strong><\/a> (mengenabh\u00e4ngig).<\/p>\n<p><strong>Farben<\/strong> vom <strong>Stahl<\/strong>: Nirosta, Schwarz (pulverbeschichtet) und Wei\u00dfaluminium (pulverbeschichtet), andere RAL-Farben sind auch m\u00f6glich, Aufpreis +30% auf Schwarz!<\/p>\n<p><strong>Sitze<\/strong> f\u00fcr die Barhocker finden Sie <a href=\"https:\/\/www.moebel.org\/cms\/produkt-kategorie\/barhocker\/barhockersitze\/\" target=\"_blank\" rel=\"noopener\"><strong><span style=\"color: #d75e11;\">hier<\/span><\/strong><\/a>! (Holz, Leder, Kunstleder, Stoff, &#8230;)! Sonderanfertigungen sind bei den Sitzen auch m\u00f6glich.<\/p>\n<p>M\u00f6bel Mitter, Ihr <a href=\"https:\/\/www.moebel.org\/cms\/kontaktformular\/\" target=\"_blank\" rel=\"noopener\"><strong><span style=\"color: #d75e11;\">Kontakt<\/span><\/strong><\/a> f\u00fcr Barhocker \/ Tresenhocker \/ Barst\u00fchle \/ M\u00f6bel aller Art, f\u00fcr die Gastronomie und f\u00fcr zu Hause.&nbsp;E-Mail bitte an:<\/p>\n<p><a href=\"https:\/\/www.moebel.org\/cms\/kontaktformular\/\" target=\"_blank\" rel=\"noopener\"><img loading=\"lazy\" decoding=\"async\" class=\"auto-style1\" src=\"https:\/\/www.moebel.org\/e_mail_bild.jpg\" width=\"147\" height=\"33\"><\/a><\/p>\n","protected":false},"excerpt":{"rendered":"<p><strong>Barhocker \/ Barhockergestell &#8220;Wales-470&#8221;<\/strong>, Gestell ohne Sitz.<\/p>\n<p><strong>Farben<\/strong>: Nirosta, Schwarz (pulverbeschichtet) und Wei\u00dfaluminium (pulverbeschichtet)<\/p>\n","protected":false},"featured_media":6003,"template":"","meta":{"ngg_post_thumbnail":0},"product_brand":[],"product_cat":[69,57],"product_tag":[625,366,199,740,626,627,440,441,732,733,363,367,743,368,744,270,624,208,742,642,631,643,214,219,220,211,279,268,369,629,370,222,170,741,630,364,209,628,365,212,632,254,165,162,221,200,520],"class_list":{"0":"post-6008","1":"product","2":"type-product","3":"status-publish","4":"has-post-thumbnail","6":"product_cat-metallbarhocker","7":"product_cat-barhocker","8":"product_tag-625","9":"product_tag-bar","10":"product_tag-barhocker","11":"product_tag-barhocker-tresenhocker","12":"product_tag-barhocker-gestell","13":"product_tag-barhocker-gestelle","14":"product_tag-barhockergestell","15":"product_tag-barhockergestelle","16":"product_tag-barstuhl","17":"product_tag-barstuehle","18":"product_tag-beschichtet","19":"product_tag-bistro","20":"product_tag-bistros","21":"product_tag-cafe","22":"product_tag-cafes","23":"product_tag-edelstahl","24":"product_tag-farbe","25":"product_tag-farbig","26":"product_tag-fuer-bars","27":"product_tag-fussraster","28":"product_tag-fussring","29":"product_tag-fussstuetze","30":"product_tag-gastronomie","31":"product_tag-gestell","32":"product_tag-gestelle","33":"product_tag-hocker","34":"product_tag-hotellerie","35":"product_tag-inox","36":"product_tag-kaffeehaus","37":"product_tag-kaufen","38":"product_tag-lokal","39":"product_tag-metall","40":"product_tag-moebel","41":"product_tag-moebel-fuer-die-gastronomie","42":"product_tag-nirosta","43":"product_tag-pulverbeschichtet","44":"product_tag-ral","45":"product_tag-ral-farbe","46":"product_tag-restaurant","47":"product_tag-rund","48":"product_tag-saeule","49":"product_tag-schwarz","50":"product_tag-sitzkomfort","51":"product_tag-sitzmoebel","52":"product_tag-stahl","53":"product_tag-tresenhocker","54":"product_tag-weissaluminium","55":"product_shipping_class-spedition","57":"first","58":"instock","59":"taxable","60":"shipping-taxable","61":"purchasable","62":"product-type-variable"},"_links":{"self":[{"href":"https:\/\/www.moebel.org\/cms\/wp-json\/wp\/v2\/product\/6008","targetHints":{"allow":["GET"]}}],"collection":[{"href":"https:\/\/www.moebel.org\/cms\/wp-json\/wp\/v2\/product"}],"about":[{"href":"https:\/\/www.moebel.org\/cms\/wp-json\/wp\/v2\/types\/product"}],"wp:featuredmedia":[{"embeddable":true,"href":"https:\/\/www.moebel.org\/cms\/wp-json\/wp\/v2\/media\/6003"}],"wp:attachment":[{"href":"https:\/\/www.moebel.org\/cms\/wp-json\/wp\/v2\/media?parent=6008"}],"wp:term":[{"taxonomy":"product_brand","embeddable":true,"href":"https:\/\/www.moebel.org\/cms\/wp-json\/wp\/v2\/product_brand?post=6008"},{"taxonomy":"product_cat","embeddable":true,"href":"https:\/\/www.moebel.org\/cms\/wp-json\/wp\/v2\/product_cat?post=6008"},{"taxonomy":"product_tag","embeddable":true,"href":"https:\/\/www.moebel.org\/cms\/wp-json\/wp\/v2\/product_tag?post=6008"}],"curies":[{"name":"wp","href":"https:\/\/api.w.org\/{rel}","templated":true}]}}

<p><strong>Barhocker / Barhockergestell &#8220;Wales-470&#8221;</strong>, Gestell ohne Sitz.</p>
<p>Bei diesen Modellen sind die <strong>Einzelteile lagernd,</strong> diese müssen noch beschichtet und zusammengebaut werden. Lieferzeit auf <a href="https://www.moebel.org/cms/kontaktformular/" target="_blank" rel="noopener"><strong><span style="color: #d75e11;">Anfrage</span></strong></a> (mengenabhängig).</p>
<p><strong>Farben</strong> vom <strong>Stahl</strong>: Nirosta, Schwarz (pulverbeschichtet) und Weißaluminium (pulverbeschichtet), andere RAL-Farben sind auch möglich, Aufpreis +30% auf Schwarz!</p>
<p><strong>Sitze</strong> für die Barhocker finden Sie <a href="https://www.moebel.org/cms/produkt-kategorie/barhocker/barhockersitze/" target="_blank" rel="noopener"><strong><span style="color: #d75e11;">hier</span></strong></a>! (Holz, Leder, Kunstleder, Stoff, &#8230;)! Sonderanfertigungen sind bei den Sitzen auch möglich.</p>
<p>Möbel Mitter, Ihr <a href="https://www.moebel.org/cms/kontaktformular/" target="_blank" rel="noopener"><strong><span style="color: #d75e11;">Kontakt</span></strong></a> für Barhocker / Tresenhocker / Barstühle / Möbel aller Art, für die Gastronomie und für zu Hause.&nbsp;E-Mail bitte an:</p>
<p><a href="https://www.moebel.org/cms/kontaktformular/" target="_blank" rel="noopener"><img loading="lazy" decoding="async" class="auto-style1" src="https://www.moebel.org/e_mail_bild.jpg" width="147" height="33"></a></p>

<p><strong>Barhocker / Barhockergestell &#8220;Wales-470&#8221;</strong>, Gestell ohne Sitz.</p>
<p><strong>Farben</strong>: Nirosta, Schwarz (pulverbeschichtet) und Weißaluminium (pulverbeschichtet)</p>
