{"id":5997,"date":"2023-12-25T20:08:20","date_gmt":"2023-12-25T19:08:20","guid":{"rendered":"https:\/\/www.moebel.org\/cms\/?post_type=product&#038;p=5997"},"modified":"2023-12-25T20:22:29","modified_gmt":"2023-12-25T19:22:29","slug":"barhockergestell-wales-467","status":"publish","type":"product","link":"https:\/\/www.moebel.org\/cms\/produkt\/barhockergestell-wales-467\/","title":{"rendered":"Barhockergestell &#8220;Wales-467&#8221;"},"content":{"rendered":"<p><strong>Barhockergestell<\/strong> aus Stahl. Mod.&#8221;Wales-467&#8243;, Gestell ohne Sitz.<\/p>\n<p>Bei diesen Modellen sind die <strong>Einzelteile lagernd,<\/strong> diese m\u00fcssen noch beschichtet und zusammengebaut werden. Lieferzeit auf <a href=\"https:\/\/www.moebel.org\/cms\/kontaktformular\/\" target=\"_blank\" rel=\"noopener\"><strong><span style=\"color: #d75e11;\">Anfrage<\/span><\/strong><\/a> (mengenabh\u00e4ngig).<\/p>\n<p><strong>Farben<\/strong> vom <strong>Stahl<\/strong>: Schwarz (pulverbeschichtet) mit Crom kombiniert und Wei\u00dfaluminium (pulverbeschichtet), andere RAL-Farben sind auch m\u00f6glich, Aufpreis +30% auf Schwarz!<\/p>\n<p><strong>Sitze<\/strong> f\u00fcr die Barhocker finden Sie <a href=\"https:\/\/www.moebel.org\/cms\/produkt-kategorie\/barhocker\/barhockersitze\/\" target=\"_blank\" rel=\"noopener\"><strong><span style=\"color: #d75e11;\">hier<\/span><\/strong><\/a>! (Holz, Leder, Kunstleder, Stoff, &#8230;)! Sonderanfertigungen sind bei den Barhockersitzen auch m\u00f6glich.<\/p>\n<p>M\u00f6bel Mitter, Ihr <a href=\"https:\/\/www.moebel.org\/cms\/kontaktformular\/\" target=\"_blank\" rel=\"noopener\"><strong><span style=\"color: #d75e11;\">Kontakt<\/span><\/strong><\/a> f\u00fcr Barhocker \/ Tresenhocker \/ Barst\u00fchle \/ M\u00f6bel aller Art, f\u00fcr die Gastronomie und f\u00fcr zu Hause.&nbsp;E-Mail bitte an:<\/p>\n<p><a href=\"https:\/\/www.moebel.org\/cms\/kontaktformular\/\" target=\"_blank\" rel=\"noopener\"><img loading=\"lazy\" decoding=\"async\" class=\"auto-style1\" src=\"https:\/\/www.moebel.org\/e_mail_bild.jpg\" width=\"147\" height=\"33\"><\/a><\/p>\n","protected":false},"excerpt":{"rendered":"<p>Barhockergestell aus Stahl. Mod.&#8221;Wales-467&#8243;, Gestell ohne Sitz. Bei diesen Modellen sind die Einzelteile lagernd, diese m\u00fcssen noch beschichtet und zusammengebaut werden. Lieferzeit auf Anfrage (mengenabh\u00e4ngig). Farben<span class=\"excerpt-hellip\"> [\u2026]<\/span><\/p>\n","protected":false},"featured_media":5995,"template":"","meta":{"ngg_post_thumbnail":0},"product_brand":[],"product_cat":[69,57,84],"product_tag":[625,366,199,740,626,627,440,441,732,733,363,367,743,368,744,272,624,208,742,631,214,219,220,211,279,369,629,370,222,170,741,364,209,628,365,212,254,165,162,221,200,223,520],"class_list":{"0":"post-5997","1":"product","2":"type-product","3":"status-publish","4":"has-post-thumbnail","6":"product_cat-metallbarhocker","7":"product_cat-barhocker","8":"product_cat-diverses","9":"product_tag-625","10":"product_tag-bar","11":"product_tag-barhocker","12":"product_tag-barhocker-tresenhocker","13":"product_tag-barhocker-gestell","14":"product_tag-barhocker-gestelle","15":"product_tag-barhockergestell","16":"product_tag-barhockergestelle","17":"product_tag-barstuhl","18":"product_tag-barstuehle","19":"product_tag-beschichtet","20":"product_tag-bistro","21":"product_tag-bistros","22":"product_tag-cafe","23":"product_tag-cafes","24":"product_tag-chrom","25":"product_tag-farbe","26":"product_tag-farbig","27":"product_tag-fuer-bars","28":"product_tag-fussring","29":"product_tag-gastronomie","30":"product_tag-gestell","31":"product_tag-gestelle","32":"product_tag-hocker","33":"product_tag-hotellerie","34":"product_tag-kaffeehaus","35":"product_tag-kaufen","36":"product_tag-lokal","37":"product_tag-metall","38":"product_tag-moebel","39":"product_tag-moebel-fuer-die-gastronomie","40":"product_tag-pulverbeschichtet","41":"product_tag-ral","42":"product_tag-ral-farbe","43":"product_tag-restaurant","44":"product_tag-rund","45":"product_tag-schwarz","46":"product_tag-sitzkomfort","47":"product_tag-sitzmoebel","48":"product_tag-stahl","49":"product_tag-tresenhocker","50":"product_tag-verchromt","51":"product_tag-weissaluminium","52":"product_shipping_class-spedition","54":"first","55":"instock","56":"taxable","57":"shipping-taxable","58":"purchasable","59":"product-type-variable"},"_links":{"self":[{"href":"https:\/\/www.moebel.org\/cms\/wp-json\/wp\/v2\/product\/5997","targetHints":{"allow":["GET"]}}],"collection":[{"href":"https:\/\/www.moebel.org\/cms\/wp-json\/wp\/v2\/product"}],"about":[{"href":"https:\/\/www.moebel.org\/cms\/wp-json\/wp\/v2\/types\/product"}],"wp:featuredmedia":[{"embeddable":true,"href":"https:\/\/www.moebel.org\/cms\/wp-json\/wp\/v2\/media\/5995"}],"wp:attachment":[{"href":"https:\/\/www.moebel.org\/cms\/wp-json\/wp\/v2\/media?parent=5997"}],"wp:term":[{"taxonomy":"product_brand","embeddable":true,"href":"https:\/\/www.moebel.org\/cms\/wp-json\/wp\/v2\/product_brand?post=5997"},{"taxonomy":"product_cat","embeddable":true,"href":"https:\/\/www.moebel.org\/cms\/wp-json\/wp\/v2\/product_cat?post=5997"},{"taxonomy":"product_tag","embeddable":true,"href":"https:\/\/www.moebel.org\/cms\/wp-json\/wp\/v2\/product_tag?post=5997"}],"curies":[{"name":"wp","href":"https:\/\/api.w.org\/{rel}","templated":true}]}}

<p><strong>Barhockergestell</strong> aus Stahl. Mod.&#8221;Wales-467&#8243;, Gestell ohne Sitz.</p>
<p>Bei diesen Modellen sind die <strong>Einzelteile lagernd,</strong> diese müssen noch beschichtet und zusammengebaut werden. Lieferzeit auf <a href="https://www.moebel.org/cms/kontaktformular/" target="_blank" rel="noopener"><strong><span style="color: #d75e11;">Anfrage</span></strong></a> (mengenabhängig).</p>
<p><strong>Farben</strong> vom <strong>Stahl</strong>: Schwarz (pulverbeschichtet) mit Crom kombiniert und Weißaluminium (pulverbeschichtet), andere RAL-Farben sind auch möglich, Aufpreis +30% auf Schwarz!</p>
<p><strong>Sitze</strong> für die Barhocker finden Sie <a href="https://www.moebel.org/cms/produkt-kategorie/barhocker/barhockersitze/" target="_blank" rel="noopener"><strong><span style="color: #d75e11;">hier</span></strong></a>! (Holz, Leder, Kunstleder, Stoff, &#8230;)! Sonderanfertigungen sind bei den Barhockersitzen auch möglich.</p>
<p>Möbel Mitter, Ihr <a href="https://www.moebel.org/cms/kontaktformular/" target="_blank" rel="noopener"><strong><span style="color: #d75e11;">Kontakt</span></strong></a> für Barhocker / Tresenhocker / Barstühle / Möbel aller Art, für die Gastronomie und für zu Hause.&nbsp;E-Mail bitte an:</p>
<p><a href="https://www.moebel.org/cms/kontaktformular/" target="_blank" rel="noopener"><img loading="lazy" decoding="async" class="auto-style1" src="https://www.moebel.org/e_mail_bild.jpg" width="147" height="33"></a></p>

<p>Barhockergestell aus Stahl. Mod.&#8221;Wales-467&#8243;, Gestell ohne Sitz. Bei diesen Modellen sind die Einzelteile lagernd, diese müssen noch beschichtet und zusammengebaut werden. Lieferzeit auf Anfrage (mengenabhängig). Farben<span class="excerpt-hellip"> […]</span></p>
