{"id":5792,"date":"2023-05-05T13:21:32","date_gmt":"2023-05-05T11:21:32","guid":{"rendered":"https:\/\/www.moebel.org\/cms\/?post_type=product&#038;p=5792"},"modified":"2024-09-05T09:21:05","modified_gmt":"2024-09-05T07:21:05","slug":"oberflaechenbehandlung-fuer-barhockersitze-aus-holz","status":"publish","type":"product","link":"https:\/\/www.moebel.org\/cms\/produkt\/oberflaechenbehandlung-fuer-barhockersitze-aus-holz\/","title":{"rendered":"Oberfl\u00e4chenbehandlung f\u00fcr Barhockersitze aus Holz"},"content":{"rendered":"<p><strong>Oberfl\u00e4chenbehandlung<\/strong> f\u00fcr 1 Barhockersitz aus Holz (\u00f6len oder lackieren).&nbsp;&nbsp;<\/p>\n<p>Art der&nbsp;Oberfl\u00e4chenbehandlung bei Bestellung <strong>bitte angeben.&nbsp;<\/strong><\/p>\n","protected":false},"excerpt":{"rendered":"<p>Oberfl\u00e4chenbehandlung f\u00fcr einen Barhockersitz aus Holz<\/p>\n","protected":false},"featured_media":5791,"template":"","meta":{"ngg_post_thumbnail":0},"product_brand":[],"product_cat":[69,57,80,128],"product_tag":[199,354,211,201,637,582,636,151],"class_list":{"0":"post-5792","1":"product","2":"type-product","3":"status-publish","4":"has-post-thumbnail","6":"product_cat-metallbarhocker","7":"product_cat-barhocker","8":"product_cat-barhockersitze","9":"product_cat-gartenmoebel-outdoormoebel","10":"product_tag-barhocker","11":"product_tag-barhockersitz","12":"product_tag-hocker","13":"product_tag-holz","14":"product_tag-lackieren","15":"product_tag-oberflaechenbehandlung","16":"product_tag-oelen","17":"product_tag-sitz","18":"product_shipping_class-versandkosten-inklusive","20":"first","21":"instock","22":"taxable","23":"shipping-taxable","24":"purchasable","25":"product-type-simple"},"_links":{"self":[{"href":"https:\/\/www.moebel.org\/cms\/wp-json\/wp\/v2\/product\/5792","targetHints":{"allow":["GET"]}}],"collection":[{"href":"https:\/\/www.moebel.org\/cms\/wp-json\/wp\/v2\/product"}],"about":[{"href":"https:\/\/www.moebel.org\/cms\/wp-json\/wp\/v2\/types\/product"}],"wp:featuredmedia":[{"embeddable":true,"href":"https:\/\/www.moebel.org\/cms\/wp-json\/wp\/v2\/media\/5791"}],"wp:attachment":[{"href":"https:\/\/www.moebel.org\/cms\/wp-json\/wp\/v2\/media?parent=5792"}],"wp:term":[{"taxonomy":"product_brand","embeddable":true,"href":"https:\/\/www.moebel.org\/cms\/wp-json\/wp\/v2\/product_brand?post=5792"},{"taxonomy":"product_cat","embeddable":true,"href":"https:\/\/www.moebel.org\/cms\/wp-json\/wp\/v2\/product_cat?post=5792"},{"taxonomy":"product_tag","embeddable":true,"href":"https:\/\/www.moebel.org\/cms\/wp-json\/wp\/v2\/product_tag?post=5792"}],"curies":[{"name":"wp","href":"https:\/\/api.w.org\/{rel}","templated":true}]}}

Oberflächenbehandlung für Barhockersitze aus Holz

<p><strong>Oberflächenbehandlung</strong> für 1 Barhockersitz aus Holz (ölen oder lackieren).&nbsp;&nbsp;</p>
<p>Art der&nbsp;Oberflächenbehandlung bei Bestellung <strong>bitte angeben.&nbsp;</strong></p>

<p>Oberflächenbehandlung für einen Barhockersitz aus Holz</p>
