{"id":5704,"date":"2023-04-16T17:01:46","date_gmt":"2023-04-16T15:01:46","guid":{"rendered":"https:\/\/www.moebel.org\/cms\/?post_type=product&#038;p=5704"},"modified":"2023-12-25T17:36:41","modified_gmt":"2023-12-25T16:36:41","slug":"barhocker-gestell_wales-430","status":"publish","type":"product","link":"https:\/\/www.moebel.org\/cms\/produkt\/barhocker-gestell_wales-430\/","title":{"rendered":"Barhocker-Gestell_Wales-430"},"content":{"rendered":"<p>Barhocker \/ Tresenhocker, M\u00f6bel f\u00fcr die Gastronomie, f\u00fcr Bars, Bistros, Caf\u00e9s, Hotellerie, &#8230;<\/p>\n<p>Barhocker-Gestell_Wales-430&nbsp;<\/p>\n<p>2 Farben m\u00f6glich, Schwarz und Chrom&nbsp;<\/p>\n","protected":false},"excerpt":{"rendered":"<p>Barhocker \/ Tresenhocker, M\u00f6bel f\u00fcr die Gastronomie, f\u00fcr Bars, Bistros, Caf\u00e9s, Hotellerie, &#8230;<\/p>\n<p>Barhocker-Gestell_Wales-430&nbsp;<\/p>\n<p>2 Farben m\u00f6glich, Schwarz und Chrom&nbsp;<\/p>\n","protected":false},"featured_media":5702,"template":"","meta":{"ngg_post_thumbnail":0},"product_brand":[],"product_cat":[69,57],"product_tag":[366,199,626,627,440,441,363,367,368,272,624,208,214,219,220,211,279,369,629,370,222,170,364,209,628,365,212,254,165,162,221,200,223],"class_list":{"0":"post-5704","1":"product","2":"type-product","3":"status-publish","4":"has-post-thumbnail","6":"product_cat-metallbarhocker","7":"product_cat-barhocker","8":"product_tag-bar","9":"product_tag-barhocker","10":"product_tag-barhocker-gestell","11":"product_tag-barhocker-gestelle","12":"product_tag-barhockergestell","13":"product_tag-barhockergestelle","14":"product_tag-beschichtet","15":"product_tag-bistro","16":"product_tag-cafe","17":"product_tag-chrom","18":"product_tag-farbe","19":"product_tag-farbig","20":"product_tag-gastronomie","21":"product_tag-gestell","22":"product_tag-gestelle","23":"product_tag-hocker","24":"product_tag-hotellerie","25":"product_tag-kaffeehaus","26":"product_tag-kaufen","27":"product_tag-lokal","28":"product_tag-metall","29":"product_tag-moebel","30":"product_tag-pulverbeschichtet","31":"product_tag-ral","32":"product_tag-ral-farbe","33":"product_tag-restaurant","34":"product_tag-rund","35":"product_tag-schwarz","36":"product_tag-sitzkomfort","37":"product_tag-sitzmoebel","38":"product_tag-stahl","39":"product_tag-tresenhocker","40":"product_tag-verchromt","42":"first","43":"onbackorder","44":"taxable","45":"shipping-taxable","46":"purchasable","47":"product-type-variable"},"_links":{"self":[{"href":"https:\/\/www.moebel.org\/cms\/wp-json\/wp\/v2\/product\/5704","targetHints":{"allow":["GET"]}}],"collection":[{"href":"https:\/\/www.moebel.org\/cms\/wp-json\/wp\/v2\/product"}],"about":[{"href":"https:\/\/www.moebel.org\/cms\/wp-json\/wp\/v2\/types\/product"}],"wp:featuredmedia":[{"embeddable":true,"href":"https:\/\/www.moebel.org\/cms\/wp-json\/wp\/v2\/media\/5702"}],"wp:attachment":[{"href":"https:\/\/www.moebel.org\/cms\/wp-json\/wp\/v2\/media?parent=5704"}],"wp:term":[{"taxonomy":"product_brand","embeddable":true,"href":"https:\/\/www.moebel.org\/cms\/wp-json\/wp\/v2\/product_brand?post=5704"},{"taxonomy":"product_cat","embeddable":true,"href":"https:\/\/www.moebel.org\/cms\/wp-json\/wp\/v2\/product_cat?post=5704"},{"taxonomy":"product_tag","embeddable":true,"href":"https:\/\/www.moebel.org\/cms\/wp-json\/wp\/v2\/product_tag?post=5704"}],"curies":[{"name":"wp","href":"https:\/\/api.w.org\/{rel}","templated":true}]}}

<p>Barhocker / Tresenhocker, Möbel für die Gastronomie, für Bars, Bistros, Cafés, Hotellerie, &#8230;</p>
<p>Barhocker-Gestell_Wales-430&nbsp;</p>
<p>2 Farben möglich, Schwarz und Chrom&nbsp;</p>
