{"id":5701,"date":"2023-04-16T16:39:14","date_gmt":"2023-04-16T14:39:14","guid":{"rendered":"https:\/\/www.moebel.org\/cms\/?post_type=product&#038;p=5701"},"modified":"2023-12-25T23:40:50","modified_gmt":"2023-12-25T22:40:50","slug":"barhockergestell_wales-0314","status":"publish","type":"product","link":"https:\/\/www.moebel.org\/cms\/produkt\/barhockergestell_wales-0314\/","title":{"rendered":"Barhockergestell &#8220;Wales-0314&#8221;"},"content":{"rendered":"<p>Barhocker \/ Tresenhocker,&nbsp;M\u00f6bel f\u00fcr die Gastronomie, f\u00fcr Bars, Bistros, Caf\u00e9s, &#8230;&nbsp;<\/p>\n<p>Barhockergestell &#8220;Wales-0314&#8221;,&nbsp;400&#215;400, schwarz, ohne Sitz!<\/p>\n<p>Bei diesen Modellen sind die <strong>Einzelteile lagernd,<\/strong> diese m\u00fcssen noch beschichtet und zusammengebaut werden. Lieferzeit auf <a href=\"https:\/\/www.moebel.org\/cms\/kontaktformular\/\" target=\"_blank\" rel=\"noopener\"><strong><span style=\"color: #d75e11;\">Anfrage<\/span><\/strong><\/a> (mengenabh\u00e4ngig).<\/p>\n<p><strong>Farben<\/strong> vom <strong>Stahl<\/strong>: Niro, Schwarz (pulverbeschichtet), andere RAL-Farben sind auch m\u00f6glich, Aufpreis +30% auf Schwarz!<\/p>\n<p><strong>Sitze<\/strong> f\u00fcr die Barhocker sind extra, die finden Sie <a href=\"https:\/\/www.moebel.org\/cms\/produkt-kategorie\/barhocker\/barhockersitze\/\" target=\"_blank\" rel=\"noopener\"><strong><span style=\"color: #d75e11;\">hier<\/span><\/strong><\/a>! (Holz, Leder, Kunstleder, Stoff, &#8230;)! Sonderanfertigungen sind bei den Sitzen auch m\u00f6glich.<\/p>\n<p>M\u00f6bel Mitter, Ihr <a href=\"https:\/\/www.moebel.org\/cms\/kontaktformular\/\" target=\"_blank\" rel=\"noopener\"><strong><span style=\"color: #d75e11;\">Kontakt<\/span><\/strong><\/a> f\u00fcr Barhocker \/ Tresenhocker \/ Barst\u00fchle \/ M\u00f6bel aller Art, f\u00fcr die Gastronomie und f\u00fcr zu Hause.&nbsp;E-Mail bitte an:<\/p>\n<p><a href=\"https:\/\/www.moebel.org\/cms\/kontaktformular\/\" target=\"_blank\" rel=\"noopener\"><img loading=\"lazy\" decoding=\"async\" class=\"auto-style1\" src=\"https:\/\/www.moebel.org\/e_mail_bild.jpg\" width=\"147\" height=\"33\"><\/a><\/p>\n","protected":false},"excerpt":{"rendered":"<p>Barhocker \/ Tresenhocker,<\/p>\n<p>M\u00f6bel f\u00fcr die Gastronomie, f\u00fcr Bars, Bistros, Caf\u00e9s, &#8230;&nbsp;<\/p>\n<p>Barhockergestell_Wales-0314, 400&#215;400, schwarz, ohne Sitz!<\/p>\n<p>&nbsp;<\/p>\n","protected":false},"featured_media":5699,"template":"","meta":{"ngg_post_thumbnail":0},"product_brand":[],"product_cat":[69,57],"product_tag":[366,199,740,626,627,440,441,732,733,363,367,743,368,744,270,624,208,742,642,631,643,214,219,220,211,279,268,369,629,370,222,170,741,630,364,213,209,628,365,632,254,165,162,221,200],"class_list":{"0":"post-5701","1":"product","2":"type-product","3":"status-publish","4":"has-post-thumbnail","6":"product_cat-metallbarhocker","7":"product_cat-barhocker","8":"product_tag-bar","9":"product_tag-barhocker","10":"product_tag-barhocker-tresenhocker","11":"product_tag-barhocker-gestell","12":"product_tag-barhocker-gestelle","13":"product_tag-barhockergestell","14":"product_tag-barhockergestelle","15":"product_tag-barstuhl","16":"product_tag-barstuehle","17":"product_tag-beschichtet","18":"product_tag-bistro","19":"product_tag-bistros","20":"product_tag-cafe","21":"product_tag-cafes","22":"product_tag-edelstahl","23":"product_tag-farbe","24":"product_tag-farbig","25":"product_tag-fuer-bars","26":"product_tag-fussraster","27":"product_tag-fussring","28":"product_tag-fussstuetze","29":"product_tag-gastronomie","30":"product_tag-gestell","31":"product_tag-gestelle","32":"product_tag-hocker","33":"product_tag-hotellerie","34":"product_tag-inox","35":"product_tag-kaffeehaus","36":"product_tag-kaufen","37":"product_tag-lokal","38":"product_tag-metall","39":"product_tag-moebel","40":"product_tag-moebel-fuer-die-gastronomie","41":"product_tag-nirosta","42":"product_tag-pulverbeschichtet","43":"product_tag-quadratisch","44":"product_tag-ral","45":"product_tag-ral-farbe","46":"product_tag-restaurant","47":"product_tag-saeule","48":"product_tag-schwarz","49":"product_tag-sitzkomfort","50":"product_tag-sitzmoebel","51":"product_tag-stahl","52":"product_tag-tresenhocker","53":"product_shipping_class-spedition","55":"first","56":"onbackorder","57":"taxable","58":"shipping-taxable","59":"purchasable","60":"product-type-variable"},"_links":{"self":[{"href":"https:\/\/www.moebel.org\/cms\/wp-json\/wp\/v2\/product\/5701","targetHints":{"allow":["GET"]}}],"collection":[{"href":"https:\/\/www.moebel.org\/cms\/wp-json\/wp\/v2\/product"}],"about":[{"href":"https:\/\/www.moebel.org\/cms\/wp-json\/wp\/v2\/types\/product"}],"wp:featuredmedia":[{"embeddable":true,"href":"https:\/\/www.moebel.org\/cms\/wp-json\/wp\/v2\/media\/5699"}],"wp:attachment":[{"href":"https:\/\/www.moebel.org\/cms\/wp-json\/wp\/v2\/media?parent=5701"}],"wp:term":[{"taxonomy":"product_brand","embeddable":true,"href":"https:\/\/www.moebel.org\/cms\/wp-json\/wp\/v2\/product_brand?post=5701"},{"taxonomy":"product_cat","embeddable":true,"href":"https:\/\/www.moebel.org\/cms\/wp-json\/wp\/v2\/product_cat?post=5701"},{"taxonomy":"product_tag","embeddable":true,"href":"https:\/\/www.moebel.org\/cms\/wp-json\/wp\/v2\/product_tag?post=5701"}],"curies":[{"name":"wp","href":"https:\/\/api.w.org\/{rel}","templated":true}]}}

<p>Barhocker / Tresenhocker,&nbsp;Möbel für die Gastronomie, für Bars, Bistros, Cafés, &#8230;&nbsp;</p>
<p>Barhockergestell &#8220;Wales-0314&#8221;,&nbsp;400&#215;400, schwarz, ohne Sitz!</p>
<p>Bei diesen Modellen sind die <strong>Einzelteile lagernd,</strong> diese müssen noch beschichtet und zusammengebaut werden. Lieferzeit auf <a href="https://www.moebel.org/cms/kontaktformular/" target="_blank" rel="noopener"><strong><span style="color: #d75e11;">Anfrage</span></strong></a> (mengenabhängig).</p>
<p><strong>Farben</strong> vom <strong>Stahl</strong>: Niro, Schwarz (pulverbeschichtet), andere RAL-Farben sind auch möglich, Aufpreis +30% auf Schwarz!</p>
<p><strong>Sitze</strong> für die Barhocker sind extra, die finden Sie <a href="https://www.moebel.org/cms/produkt-kategorie/barhocker/barhockersitze/" target="_blank" rel="noopener"><strong><span style="color: #d75e11;">hier</span></strong></a>! (Holz, Leder, Kunstleder, Stoff, &#8230;)! Sonderanfertigungen sind bei den Sitzen auch möglich.</p>
<p>Möbel Mitter, Ihr <a href="https://www.moebel.org/cms/kontaktformular/" target="_blank" rel="noopener"><strong><span style="color: #d75e11;">Kontakt</span></strong></a> für Barhocker / Tresenhocker / Barstühle / Möbel aller Art, für die Gastronomie und für zu Hause.&nbsp;E-Mail bitte an:</p>
<p><a href="https://www.moebel.org/cms/kontaktformular/" target="_blank" rel="noopener"><img loading="lazy" decoding="async" class="auto-style1" src="https://www.moebel.org/e_mail_bild.jpg" width="147" height="33"></a></p>

<p>Barhocker / Tresenhocker,</p>
<p>Möbel für die Gastronomie, für Bars, Bistros, Cafés, &#8230;&nbsp;</p>
<p>Barhockergestell_Wales-0314, 400&#215;400, schwarz, ohne Sitz!</p>
<p>&nbsp;</p>
