{"id":5666,"date":"2023-03-17T16:22:47","date_gmt":"2023-03-17T15:22:47","guid":{"rendered":"https:\/\/www.moebel.org\/cms\/?post_type=product&#038;p=5666"},"modified":"2023-03-20T09:36:14","modified_gmt":"2023-03-20T08:36:14","slug":"klapptischgestell-fortissimo-f1-mit-rollen","status":"publish","type":"product","link":"https:\/\/www.moebel.org\/cms\/produkt\/klapptischgestell-fortissimo-f1-mit-rollen\/","title":{"rendered":"Klapptischgestell Fortissimo (F1), mit Rollen"},"content":{"rendered":"<p><strong>Klapptischgestell<\/strong> Mod. &#8220;Fortissimo (<strong>F1<\/strong>) auf Rollen&#8221;, f\u00fcr fahrbare Klapptische.&nbsp;<\/p>\n<p>Verchromt in Kleinmengen auf Lager, weitere Farben (nicht lagernd aber m\u00f6glich): , 03 Schwarz, 3D Schwarz matt, 02 Wei\u00df, 09 Aluminium-Grau, 28 Graphit, 45 Umbrisch-Grau, 9D Dunkelgrau matt, 53 Champagne, 23 Corten, 33 roh.<\/p>\n<p>Fu\u00dfbreite 596 mm, Rohr-\u00f8 25 mm,<\/p>\n<p>Gestell mit <strong>Sonderma\u00df<\/strong> wegen zus\u00e4tzlicher <strong>Rollen<\/strong>, H\u00f6he inkl. der Rollen 710 mm, f\u00fcr Tischplattengr\u00f6\u00dfe min. 1200 x 700mm, max. 1800 x 900mm<\/p>\n<p>Der Preis ist f\u00fcr <strong>Kleinmengen <\/strong>(sofern lagernd)!<\/p>\n<p>Siehe auch <a style=\"color: #d75e11;\" href=\"https:\/\/www.moebel.org\/cms\/produkt\/klapptischgestell-stapelbar-fortissimo-f1-big\">Fortissimo (F1) BIG,<\/a> Gestell f\u00fcr breitere Tischplatten, auch mit Rollen m\u00f6glich.<\/p>\n<p><span style=\"color: #d75e11;\"><b>Anfrage<\/b><\/span><\/p>\n","protected":false},"excerpt":{"rendered":"<p>Klapptischgestell Fortissimo (F1), mit Rollen<\/p>\n","protected":false},"featured_media":5528,"template":"","meta":{"ngg_post_thumbnail":0},"product_brand":[],"product_cat":[88,62,82],"product_tag":[272,569,570,208,219,220,225,217,218,226,215,216,222,567,568,254,221,227,228,229,230,223],"class_list":{"0":"post-5666","1":"product","2":"type-product","3":"status-publish","4":"has-post-thumbnail","6":"product_cat-esstische","7":"product_cat-tische-tischgestelle","8":"product_cat-klapptische-klapptischgestelle","9":"product_tag-chrom","10":"product_tag-fahrbar","11":"product_tag-fahrbare","12":"product_tag-farbig","13":"product_tag-gestell","14":"product_tag-gestelle","15":"product_tag-klapptisch","16":"product_tag-klapptisch-gestell","17":"product_tag-klapptisch-gestelle","18":"product_tag-klapptische","19":"product_tag-klapptischgestell","20":"product_tag-klapptischgestelle","21":"product_tag-metall","22":"product_tag-raeder","23":"product_tag-rollen","24":"product_tag-schwarz","25":"product_tag-stahl","26":"product_tag-tisch","27":"product_tag-tische","28":"product_tag-tischgestell","29":"product_tag-tischgestelle","30":"product_tag-verchromt","31":"product_shipping_class-spedition","33":"first","34":"instock","35":"taxable","36":"shipping-taxable","37":"purchasable","38":"product-type-simple"},"_links":{"self":[{"href":"https:\/\/www.moebel.org\/cms\/wp-json\/wp\/v2\/product\/5666","targetHints":{"allow":["GET"]}}],"collection":[{"href":"https:\/\/www.moebel.org\/cms\/wp-json\/wp\/v2\/product"}],"about":[{"href":"https:\/\/www.moebel.org\/cms\/wp-json\/wp\/v2\/types\/product"}],"wp:featuredmedia":[{"embeddable":true,"href":"https:\/\/www.moebel.org\/cms\/wp-json\/wp\/v2\/media\/5528"}],"wp:attachment":[{"href":"https:\/\/www.moebel.org\/cms\/wp-json\/wp\/v2\/media?parent=5666"}],"wp:term":[{"taxonomy":"product_brand","embeddable":true,"href":"https:\/\/www.moebel.org\/cms\/wp-json\/wp\/v2\/product_brand?post=5666"},{"taxonomy":"product_cat","embeddable":true,"href":"https:\/\/www.moebel.org\/cms\/wp-json\/wp\/v2\/product_cat?post=5666"},{"taxonomy":"product_tag","embeddable":true,"href":"https:\/\/www.moebel.org\/cms\/wp-json\/wp\/v2\/product_tag?post=5666"}],"curies":[{"name":"wp","href":"https:\/\/api.w.org\/{rel}","templated":true}]}}

<p><strong>Klapptischgestell</strong> Mod. &#8220;Fortissimo (<strong>F1</strong>) auf Rollen&#8221;, für fahrbare Klapptische.&nbsp;</p>
<p>Verchromt in Kleinmengen auf Lager, weitere Farben (nicht lagernd aber möglich): , 03 Schwarz, 3D Schwarz matt, 02 Weiß, 09 Aluminium-Grau, 28 Graphit, 45 Umbrisch-Grau, 9D Dunkelgrau matt, 53 Champagne, 23 Corten, 33 roh.</p>
<p>Fußbreite 596 mm, Rohr-ø 25 mm,</p>
<p>Gestell mit <strong>Sondermaß</strong> wegen zusätzlicher <strong>Rollen</strong>, Höhe inkl. der Rollen 710 mm, für Tischplattengröße min. 1200 x 700mm, max. 1800 x 900mm</p>
<p>Der Preis ist für <strong>Kleinmengen </strong>(sofern lagernd)!</p>
<p>Siehe auch <a style="color: #d75e11;" href="https://www.moebel.org/cms/produkt/klapptischgestell-stapelbar-fortissimo-f1-big">Fortissimo (F1) BIG,</a> Gestell für breitere Tischplatten, auch mit Rollen möglich.</p>
<p><span style="color: #d75e11;"><b>Anfrage</b></span></p>
