{"id":5630,"date":"2023-01-03T12:46:58","date_gmt":"2023-01-03T11:46:58","guid":{"rendered":"https:\/\/www.moebel.org\/cms\/?post_type=product&#038;p=5630"},"modified":"2024-09-05T09:19:53","modified_gmt":"2024-09-05T07:19:53","slug":"barhockersitz-massivholz-aus-1-holzart-mit-vertiefung","status":"publish","type":"product","link":"https:\/\/www.moebel.org\/cms\/produkt\/barhockersitz-massivholz-aus-1-holzart-mit-vertiefung\/","title":{"rendered":"Barhockersitz Massivholz, aus 1 Holzart, mit Vertiefung"},"content":{"rendered":"<p>Edle <strong>Sitze <\/strong>f\u00fcr <strong>Barhocker <\/strong>bzw. <strong>Hocker<\/strong>, gefertigt aus 1 Holzart. Standard ist Buche, in Sonderanfertigung sind auch andere Holzarten m\u00f6glich (Esche, Braunesche, Eiche, L\u00e4rche, Fichte, Kiefer, etc.).&nbsp;<\/p>\n<p>Durchmesser ca. 330 mm, St\u00e4rke ca. 35 mm oder 45 mm.&nbsp;<\/p>\n<p>Option: <a href=\"https:\/\/www.moebel.org\/cms\/produkt\/oberflaechenbehandlung-fuer-barhockersitze-aus-holz\/\" target=\"_blank\" rel=\"noopener\"><strong><span style=\"color: #d75e11;\">Oberfl\u00e4chenbehandlung bestellen<\/span><\/strong><\/a> (mit Lein\u00f6l oder Lack).<\/p>\n<p>Die <strong>Vertiefung<\/strong> in der Mitte bringt guten <strong>Sitzkomfort<\/strong>, die Sitze gibt es roh, ge\u00f6lt, lackiert und auch impr\u00e4gniert f\u00fcr den Au\u00dfenbereich (f\u00fcr Gartenm\u00f6bel \/ Outdoorm\u00f6bel).&nbsp;<\/p>\n<p><strong>Der Preis<\/strong> ist f\u00fcr einen Sitz mit <strong>Oberfl\u00e4che<\/strong> <strong>roh<\/strong>, also ohne Lack, Beize oder \u00d6lung. Preise f\u00fcr die anderen Holzarten und f\u00fcr gr\u00f6\u00dfere Mengen auf <a href=\"https:\/\/www.moebel.org\/cms\/kontaktformular\/\" target=\"_blank\" rel=\"noopener\"><strong><span style=\"color: #d75e11;\">Anfrage<\/span><\/strong><\/a><\/p>\n","protected":false},"excerpt":{"rendered":"<p><strong>Barhockersitze aus Holz!<\/strong><\/p>\n<p>Verschiedene Arten von Holz m\u00f6glich, Holzart bitte angeben beim Bestellen.&nbsp;<\/p>\n<p>\u00d6sterreichische Handarbeit, Sonderanfertigung!<\/p>\n","protected":false},"featured_media":5041,"template":"","meta":{"ngg_post_thumbnail":0},"product_brand":[],"product_cat":[70,69,57,80,128],"product_tag":[366,199,354,136,367,206,368,291,574,575,208,602,214,204,203,202,211,201,279,369,603,205,601,370,213,209,365,207,212,357,200],"class_list":{"0":"post-5630","1":"product","2":"type-product","3":"status-publish","4":"has-post-thumbnail","6":"product_cat-barhocker-aus-holz","7":"product_cat-metallbarhocker","8":"product_cat-barhocker","9":"product_cat-barhockersitze","10":"product_cat-gartenmoebel-outdoormoebel","11":"product_tag-bar","12":"product_tag-barhocker","13":"product_tag-barhockersitz","14":"product_tag-barhockersitze","15":"product_tag-bistro","16":"product_tag-buche","17":"product_tag-cafe","18":"product_tag-eckig","19":"product_tag-eiche","20":"product_tag-esche","21":"product_tag-farbig","22":"product_tag-fichte","23":"product_tag-gastronomie","24":"product_tag-gebeizt","25":"product_tag-geschliffen","26":"product_tag-hartholz","27":"product_tag-hocker","28":"product_tag-holz","29":"product_tag-hotellerie","30":"product_tag-kaffeehaus","31":"product_tag-kiefer","32":"product_tag-lackiert","33":"product_tag-laerche","34":"product_tag-lokal","35":"product_tag-quadratisch","36":"product_tag-ral","37":"product_tag-restaurant","38":"product_tag-roh","39":"product_tag-rund","40":"product_tag-sonderanfertigung","41":"product_tag-tresenhocker","42":"product_shipping_class-paket-klein","44":"first","45":"instock","46":"taxable","47":"shipping-taxable","48":"purchasable","49":"product-type-variable"},"_links":{"self":[{"href":"https:\/\/www.moebel.org\/cms\/wp-json\/wp\/v2\/product\/5630","targetHints":{"allow":["GET"]}}],"collection":[{"href":"https:\/\/www.moebel.org\/cms\/wp-json\/wp\/v2\/product"}],"about":[{"href":"https:\/\/www.moebel.org\/cms\/wp-json\/wp\/v2\/types\/product"}],"wp:featuredmedia":[{"embeddable":true,"href":"https:\/\/www.moebel.org\/cms\/wp-json\/wp\/v2\/media\/5041"}],"wp:attachment":[{"href":"https:\/\/www.moebel.org\/cms\/wp-json\/wp\/v2\/media?parent=5630"}],"wp:term":[{"taxonomy":"product_brand","embeddable":true,"href":"https:\/\/www.moebel.org\/cms\/wp-json\/wp\/v2\/product_brand?post=5630"},{"taxonomy":"product_cat","embeddable":true,"href":"https:\/\/www.moebel.org\/cms\/wp-json\/wp\/v2\/product_cat?post=5630"},{"taxonomy":"product_tag","embeddable":true,"href":"https:\/\/www.moebel.org\/cms\/wp-json\/wp\/v2\/product_tag?post=5630"}],"curies":[{"name":"wp","href":"https:\/\/api.w.org\/{rel}","templated":true}]}}

<p>Edle <strong>Sitze </strong>für <strong>Barhocker </strong>bzw. <strong>Hocker</strong>, gefertigt aus 1 Holzart. Standard ist Buche, in Sonderanfertigung sind auch andere Holzarten möglich (Esche, Braunesche, Eiche, Lärche, Fichte, Kiefer, etc.).&nbsp;</p>
<p>Durchmesser ca. 330 mm, Stärke ca. 35 mm oder 45 mm.&nbsp;</p>
<p>Option: <a href="https://www.moebel.org/cms/produkt/oberflaechenbehandlung-fuer-barhockersitze-aus-holz/" target="_blank" rel="noopener"><strong><span style="color: #d75e11;">Oberflächenbehandlung bestellen</span></strong></a> (mit Leinöl oder Lack).</p>
<p>Die <strong>Vertiefung</strong> in der Mitte bringt guten <strong>Sitzkomfort</strong>, die Sitze gibt es roh, geölt, lackiert und auch imprägniert für den Außenbereich (für Gartenmöbel / Outdoormöbel).&nbsp;</p>
<p><strong>Der Preis</strong> ist für einen Sitz mit <strong>Oberfläche</strong> <strong>roh</strong>, also ohne Lack, Beize oder Ölung. Preise für die anderen Holzarten und für größere Mengen auf <a href="https://www.moebel.org/cms/kontaktformular/" target="_blank" rel="noopener"><strong><span style="color: #d75e11;">Anfrage</span></strong></a></p>

<p><strong>Barhockersitze aus Holz!</strong></p>
<p>Verschiedene Arten von Holz möglich, Holzart bitte angeben beim Bestellen.&nbsp;</p>
<p>Österreichische Handarbeit, Sonderanfertigung!</p>
