{"id":5591,"date":"2022-11-07T16:37:31","date_gmt":"2022-11-07T15:37:31","guid":{"rendered":"https:\/\/www.moebel.org\/cms\/?post_type=product&#038;p=5591"},"modified":"2023-06-06T18:53:08","modified_gmt":"2023-06-06T16:53:08","slug":"andrea-08-verchromt-gestell-fuer-klapptisch","status":"publish","type":"product","link":"https:\/\/www.moebel.org\/cms\/produkt\/andrea-08-verchromt-gestell-fuer-klapptisch\/","title":{"rendered":"&#8220;Andrea 08&#8221; verchromt, Gestell f\u00fcr Klapptisch"},"content":{"rendered":"<p><strong>Klapptischgestell &#8220;Andrea 08&#8221;, <\/strong><\/p>\n<p>Muster mit Steg <strong>70 cm <\/strong>oder <strong>120 cm<\/strong>&nbsp;lagernd, bitte angeben bei Bestellung.<\/p>\n<p>Gestell aus Stahl, f\u00fcr Tische mit abklappbarer Platte, mit Rollen (optional) auch fahrbar lieferbar (f\u00fcr fahrbare Klapptische die oft wegger\u00e4umt werden m\u00fcssen).<\/p>\n<p>Dieses Klapptischgestell gibt es in 3 verschiedenen L\u00e4ngen und in 11 verschiedenen Farben, lagernd ist in der Regel das Gestell verchromt, L\u00e4ngen und Farben <strong>auf Anfrage:<\/strong><\/p>\n<ul>\n<li>M\u00f6gliche L\u00e4ngen: 70, 100 und 120cm (L\u00e4nge vom Steg)<\/li>\n<li>M\u00f6gliche Farben: 01 Verchromt, 03 Schwarz, 3D Schwarz matt, 02 Wei\u00df, 09 Aluminium-Grau, 28 Graphit, 45 Umbrisch-Grau, 9D Dunkelgrau matt, 53 Champagne, 23 Corten, 33 roh.&nbsp;<\/li>\n<\/ul>\n<p>Der <strong>Preis<\/strong> ist ohne Tischplatte und f\u00fcr alle Farben und L\u00e4ngen gleich, Lieferzeit je nach Farbe und Menge verschieden.&nbsp;<\/p>\n<p>Steg 70cm ist f\u00fcr Tischplatten bis 90x140cm&nbsp;<\/p>\n<p>Steg 100cm ist f\u00fcr Tischplatten bis 90x160cm&nbsp;<\/p>\n<p>Steg 120cm ist f\u00fcr Tischplatten bis 90x180cm&nbsp;<\/p>\n<p>Gewicht 8-9 kg (je nach L\u00e4nge vom Steg)&nbsp;<\/p>\n<p><a href=\"https:\/\/www.moebel.org\/cms\/kontaktformular\/\" target=\"_blank\" rel=\"noopener\"><strong><span style=\"color: #d75e11;\">Kontakt \/ Anfrage<\/span><\/strong><\/a><\/p>\n<p>&nbsp;<\/p>\n","protected":false},"excerpt":{"rendered":"<p>&#8220;Andrea 08&#8221; verchromt,<\/p>\n<p>Muster mit Steg <strong>70 cm <\/strong>oder <strong>120 cm<\/strong>&nbsp;lagernd, bitte angeben bei Bestellung.<\/p>\n<p>Gestell f\u00fcr Klapptische<\/p>\n","protected":false},"featured_media":5669,"template":"","meta":{"ngg_post_thumbnail":0},"product_brand":[],"product_cat":[88,62,82],"product_tag":[272,271,569,208,219,220,225,217,218,226,215,216,222,567,209,568,254,221,227,228,229,230,223],"class_list":{"0":"post-5591","1":"product","2":"type-product","3":"status-publish","4":"has-post-thumbnail","6":"product_cat-esstische","7":"product_cat-tische-tischgestelle","8":"product_cat-klapptische-klapptischgestelle","9":"product_tag-chrom","10":"product_tag-eisen","11":"product_tag-fahrbar","12":"product_tag-farbig","13":"product_tag-gestell","14":"product_tag-gestelle","15":"product_tag-klapptisch","16":"product_tag-klapptisch-gestell","17":"product_tag-klapptisch-gestelle","18":"product_tag-klapptische","19":"product_tag-klapptischgestell","20":"product_tag-klapptischgestelle","21":"product_tag-metall","22":"product_tag-raeder","23":"product_tag-ral","24":"product_tag-rollen","25":"product_tag-schwarz","26":"product_tag-stahl","27":"product_tag-tisch","28":"product_tag-tische","29":"product_tag-tischgestell","30":"product_tag-tischgestelle","31":"product_tag-verchromt","32":"product_shipping_class-spedition","34":"first","35":"instock","36":"taxable","37":"shipping-taxable","38":"purchasable","39":"product-type-simple"},"_links":{"self":[{"href":"https:\/\/www.moebel.org\/cms\/wp-json\/wp\/v2\/product\/5591","targetHints":{"allow":["GET"]}}],"collection":[{"href":"https:\/\/www.moebel.org\/cms\/wp-json\/wp\/v2\/product"}],"about":[{"href":"https:\/\/www.moebel.org\/cms\/wp-json\/wp\/v2\/types\/product"}],"wp:featuredmedia":[{"embeddable":true,"href":"https:\/\/www.moebel.org\/cms\/wp-json\/wp\/v2\/media\/5669"}],"wp:attachment":[{"href":"https:\/\/www.moebel.org\/cms\/wp-json\/wp\/v2\/media?parent=5591"}],"wp:term":[{"taxonomy":"product_brand","embeddable":true,"href":"https:\/\/www.moebel.org\/cms\/wp-json\/wp\/v2\/product_brand?post=5591"},{"taxonomy":"product_cat","embeddable":true,"href":"https:\/\/www.moebel.org\/cms\/wp-json\/wp\/v2\/product_cat?post=5591"},{"taxonomy":"product_tag","embeddable":true,"href":"https:\/\/www.moebel.org\/cms\/wp-json\/wp\/v2\/product_tag?post=5591"}],"curies":[{"name":"wp","href":"https:\/\/api.w.org\/{rel}","templated":true}]}}

&#8220;Andrea 08&#8221; verchromt, Gestell für Klapptisch

<p><strong>Klapptischgestell &#8220;Andrea 08&#8221;, </strong></p>
<p>Muster mit Steg <strong>70 cm </strong>oder <strong>120 cm</strong>&nbsp;lagernd, bitte angeben bei Bestellung.</p>
<p>Gestell aus Stahl, für Tische mit abklappbarer Platte, mit Rollen (optional) auch fahrbar lieferbar (für fahrbare Klapptische die oft weggeräumt werden müssen).</p>
<p>Dieses Klapptischgestell gibt es in 3 verschiedenen Längen und in 11 verschiedenen Farben, lagernd ist in der Regel das Gestell verchromt, Längen und Farben <strong>auf Anfrage:</strong></p>
<ul>
<li>Mögliche Längen: 70, 100 und 120cm (Länge vom Steg)</li>
<li>Mögliche Farben: 01 Verchromt, 03 Schwarz, 3D Schwarz matt, 02 Weiß, 09 Aluminium-Grau, 28 Graphit, 45 Umbrisch-Grau, 9D Dunkelgrau matt, 53 Champagne, 23 Corten, 33 roh.&nbsp;</li>
</ul>
<p>Der <strong>Preis</strong> ist ohne Tischplatte und für alle Farben und Längen gleich, Lieferzeit je nach Farbe und Menge verschieden.&nbsp;</p>
<p>Steg 70cm ist für Tischplatten bis 90x140cm&nbsp;</p>
<p>Steg 100cm ist für Tischplatten bis 90x160cm&nbsp;</p>
<p>Steg 120cm ist für Tischplatten bis 90x180cm&nbsp;</p>
<p>Gewicht 8-9 kg (je nach Länge vom Steg)&nbsp;</p>
<p><a href="https://www.moebel.org/cms/kontaktformular/" target="_blank" rel="noopener"><strong><span style="color: #d75e11;">Kontakt / Anfrage</span></strong></a></p>
<p>&nbsp;</p>

<p>&#8220;Andrea 08&#8221; verchromt,</p>
<p>Muster mit Steg <strong>70 cm </strong>oder <strong>120 cm</strong>&nbsp;lagernd, bitte angeben bei Bestellung.</p>
<p>Gestell für Klapptische</p>
