{"id":5526,"date":"2022-10-22T18:42:28","date_gmt":"2022-10-22T16:42:28","guid":{"rendered":"https:\/\/www.moebel.org\/cms\/?post_type=product&#038;p=5526"},"modified":"2025-02-28T16:48:48","modified_gmt":"2025-02-28T15:48:48","slug":"rollen-raeder-fuer-klapptischgestelle","status":"publish","type":"product","link":"https:\/\/www.moebel.org\/cms\/produkt\/rollen-raeder-fuer-klapptischgestelle\/","title":{"rendered":"4-er Set, Rollen \/ R\u00e4der f\u00fcr Klapptischgestelle"},"content":{"rendered":"<p><strong>Set Rollen \/ R\u00e4der<\/strong> f\u00fcr die Klapptischgestelle der Serie &#8220;<strong>Andrea<\/strong>&#8220;, ein praktischer Zusatz f\u00fcr fahrbare Klapptische.<\/p>\n<p>z. B. f\u00fcr Andrea 07, 08, 15, &#8230; und f\u00fcr die Klapptischgestelle Fortissimo (F1) und Pianissimo (F2). Der Preis ist f\u00fcr einen Tisch bzw. ein Set, also <strong>4 Stk.<\/strong><\/p>\n<p>Die <strong>H\u00f6he<\/strong> vom Klapptischgestell muss eventuell angepasst werden, da die Rollen ca. 6 cm hoch sind und der Tisch sonst eventuell zu hoch wird (das Gestell hat mit den Rollen 77 cm statt 71 cm).&nbsp;<\/p>\n<p>Bestellung nur in Verbindung mit einem Klapptischgestell, ansonsten auf Anfrage:<br \/>\n<a href=\"https:\/\/www.moebel.org\/cms\/kontaktformular\/\" target=\"_blank\" rel=\"noopener\"><strong><span style=\"color: #d75e11;\">Kontakt<\/span><\/strong><\/a><\/p>\n","protected":false},"excerpt":{"rendered":"<p>Set Rollen \/ R\u00e4der f\u00fcr die Klapptischgestelle der Serie &#8220;Andrea&#8220;, ein praktischer Zusatz f\u00fcr fahrbare Klapptische. z. B. f\u00fcr Andrea 07, 08, 15, &#8230; und f\u00fcr<span class=\"excerpt-hellip\"> [\u2026]<\/span><\/p>\n","protected":false},"featured_media":5529,"template":"","meta":{"ngg_post_thumbnail":0},"product_brand":[],"product_cat":[82],"product_tag":[569,570,225,226,567,568],"class_list":{"0":"post-5526","1":"product","2":"type-product","3":"status-publish","4":"has-post-thumbnail","6":"product_cat-klapptische-klapptischgestelle","7":"product_tag-fahrbar","8":"product_tag-fahrbare","9":"product_tag-klapptisch","10":"product_tag-klapptische","11":"product_tag-raeder","12":"product_tag-rollen","13":"product_shipping_class-paket-klein","15":"first","16":"onbackorder","17":"taxable","18":"shipping-taxable","19":"purchasable","20":"product-type-simple"},"_links":{"self":[{"href":"https:\/\/www.moebel.org\/cms\/wp-json\/wp\/v2\/product\/5526","targetHints":{"allow":["GET"]}}],"collection":[{"href":"https:\/\/www.moebel.org\/cms\/wp-json\/wp\/v2\/product"}],"about":[{"href":"https:\/\/www.moebel.org\/cms\/wp-json\/wp\/v2\/types\/product"}],"wp:featuredmedia":[{"embeddable":true,"href":"https:\/\/www.moebel.org\/cms\/wp-json\/wp\/v2\/media\/5529"}],"wp:attachment":[{"href":"https:\/\/www.moebel.org\/cms\/wp-json\/wp\/v2\/media?parent=5526"}],"wp:term":[{"taxonomy":"product_brand","embeddable":true,"href":"https:\/\/www.moebel.org\/cms\/wp-json\/wp\/v2\/product_brand?post=5526"},{"taxonomy":"product_cat","embeddable":true,"href":"https:\/\/www.moebel.org\/cms\/wp-json\/wp\/v2\/product_cat?post=5526"},{"taxonomy":"product_tag","embeddable":true,"href":"https:\/\/www.moebel.org\/cms\/wp-json\/wp\/v2\/product_tag?post=5526"}],"curies":[{"name":"wp","href":"https:\/\/api.w.org\/{rel}","templated":true}]}}

4-er Set, Rollen / Räder für Klapptischgestelle

<p><strong>Set Rollen / Räder</strong> für die Klapptischgestelle der Serie &#8220;<strong>Andrea</strong>&#8220;, ein praktischer Zusatz für fahrbare Klapptische.</p>
<p>z. B. für Andrea 07, 08, 15, &#8230; und für die Klapptischgestelle Fortissimo (F1) und Pianissimo (F2). Der Preis ist für einen Tisch bzw. ein Set, also <strong>4 Stk.</strong></p>
<p>Die <strong>Höhe</strong> vom Klapptischgestell muss eventuell angepasst werden, da die Rollen ca. 6 cm hoch sind und der Tisch sonst eventuell zu hoch wird (das Gestell hat mit den Rollen 77 cm statt 71 cm).&nbsp;</p>
<p>Bestellung nur in Verbindung mit einem Klapptischgestell, ansonsten auf Anfrage:<br />
<a href="https://www.moebel.org/cms/kontaktformular/" target="_blank" rel="noopener"><strong><span style="color: #d75e11;">Kontakt</span></strong></a></p>

<p>Set Rollen / Räder für die Klapptischgestelle der Serie &#8220;Andrea&#8220;, ein praktischer Zusatz für fahrbare Klapptische. z. B. für Andrea 07, 08, 15, &#8230; und für<span class="excerpt-hellip"> […]</span></p>
