{"id":5445,"date":"2022-07-10T08:50:55","date_gmt":"2022-07-10T06:50:55","guid":{"rendered":"https:\/\/www.moebel.org\/cms\/?post_type=product&#038;p=5445"},"modified":"2022-07-10T09:12:46","modified_gmt":"2022-07-10T07:12:46","slug":"outdoor-stehtisch-fabian-klappbar-grau-weiss","status":"publish","type":"product","link":"https:\/\/www.moebel.org\/cms\/produkt\/outdoor-stehtisch-fabian-klappbar-grau-weiss\/","title":{"rendered":"Outdoor-Stehtisch &#8220;Fabian&#8221;, klappbar, grau-wei\u00df"},"content":{"rendered":"<p><strong>Klappbarer Stehtisch<\/strong> Mod. &#8220;Fabian&#8221; f\u00fcr den Garten und auch f\u00fcr den Innenraum, Gestell grau, Tischplatte wasserabweisender Kunststoff wei\u00df (High-Density Polyethylen, HDPE).<br \/>\nTischplatte Durchmesser 80 cm,<br \/>\nH\u00f6he Klapptisch 110 cm.<br \/>\nLeichte Konstruktion, optimal zum Verstauen. <\/p>\n","protected":false},"excerpt":{"rendered":"<p><strong>Garten-Stehtisch<\/strong> &#8220;Fabian&#8221; (80x110cm), f\u00fcr Verwendung indoor und outdoor, klappbar, Gestell grau, Tischplatte Kunststoff wei\u00df<\/p>\n","protected":false},"featured_media":5446,"template":"","meta":{"ngg_post_thumbnail":0},"product_brand":[],"product_cat":[62,128,58],"product_tag":[391,267,271,208,527,462,312,259,277,225,226,281,222,260,528,221,255,256,227,228,287,288,526,525],"class_list":{"0":"post-5445","1":"product","2":"type-product","3":"status-publish","4":"has-post-thumbnail","6":"product_cat-tische-tischgestelle","7":"product_cat-gartenmoebel-outdoormoebel","8":"product_cat-stehtische-stehtischgestelle","9":"product_tag-alu","10":"product_tag-aluminium","11":"product_tag-eisen","12":"product_tag-farbig","13":"product_tag-garten","14":"product_tag-gartenmoebel","15":"product_tag-grau","16":"product_tag-indoor","17":"product_tag-klappbar","18":"product_tag-klapptisch","19":"product_tag-klapptische","20":"product_tag-kunststoff","21":"product_tag-metall","22":"product_tag-outdoor","23":"product_tag-polyethylen","24":"product_tag-stahl","25":"product_tag-stehtisch","26":"product_tag-stehtische","27":"product_tag-tisch","28":"product_tag-tische","29":"product_tag-tischplatte","30":"product_tag-tischplatten","31":"product_tag-wasserabweisend","32":"product_tag-zusammenklappbar","33":"product_shipping_class-paket-xl-bis-gurtmass","35":"first","36":"instock","37":"taxable","38":"shipping-taxable","39":"purchasable","40":"product-type-simple"},"_links":{"self":[{"href":"https:\/\/www.moebel.org\/cms\/wp-json\/wp\/v2\/product\/5445","targetHints":{"allow":["GET"]}}],"collection":[{"href":"https:\/\/www.moebel.org\/cms\/wp-json\/wp\/v2\/product"}],"about":[{"href":"https:\/\/www.moebel.org\/cms\/wp-json\/wp\/v2\/types\/product"}],"wp:featuredmedia":[{"embeddable":true,"href":"https:\/\/www.moebel.org\/cms\/wp-json\/wp\/v2\/media\/5446"}],"wp:attachment":[{"href":"https:\/\/www.moebel.org\/cms\/wp-json\/wp\/v2\/media?parent=5445"}],"wp:term":[{"taxonomy":"product_brand","embeddable":true,"href":"https:\/\/www.moebel.org\/cms\/wp-json\/wp\/v2\/product_brand?post=5445"},{"taxonomy":"product_cat","embeddable":true,"href":"https:\/\/www.moebel.org\/cms\/wp-json\/wp\/v2\/product_cat?post=5445"},{"taxonomy":"product_tag","embeddable":true,"href":"https:\/\/www.moebel.org\/cms\/wp-json\/wp\/v2\/product_tag?post=5445"}],"curies":[{"name":"wp","href":"https:\/\/api.w.org\/{rel}","templated":true}]}}

Outdoor-Stehtisch &#8220;Fabian&#8221;, klappbar, grau-weiß

<p><strong>Klappbarer Stehtisch</strong> Mod. &#8220;Fabian&#8221; für den Garten und auch für den Innenraum, Gestell grau, Tischplatte wasserabweisender Kunststoff weiß (High-Density Polyethylen, HDPE).<br />
Tischplatte Durchmesser 80 cm,<br />
Höhe Klapptisch 110 cm.<br />
Leichte Konstruktion, optimal zum Verstauen. </p>

<p><strong>Garten-Stehtisch</strong> &#8220;Fabian&#8221; (80x110cm), für Verwendung indoor und outdoor, klappbar, Gestell grau, Tischplatte Kunststoff weiß</p>
