{"id":5142,"date":"2022-03-24T13:59:13","date_gmt":"2022-03-24T12:59:13","guid":{"rendered":"https:\/\/www.moebel.org\/cms\/?post_type=product&#038;p=5142"},"modified":"2023-05-05T16:56:13","modified_gmt":"2023-05-05T14:56:13","slug":"outdoor-tischplatte-zweifarbig-wasserfest-und-wetterfest-gebraucht-aus-einer-ausstellung","status":"publish","type":"product","link":"https:\/\/www.moebel.org\/cms\/produkt\/outdoor-tischplatte-zweifarbig-wasserfest-und-wetterfest-gebraucht-aus-einer-ausstellung\/","title":{"rendered":"Outdoor-Tischplatte gebraucht (aus einer Ausstellung), zweifarbig, wasserfest und wetterfest"},"content":{"rendered":"<p>F\u00fcr Garten, Balkon, Terrasse und Gastronomiebetriebe.<\/p>\n<p>120x80cm und 80x80cm&nbsp;<\/p>\n<p><strong>Tischplatte<\/strong> zweifarbig, Dekor Wurzelnuss und dunkler Rand. <strong>Wasserfest<\/strong> und <strong>wetterfest<\/strong>, nur kurz gebraucht (in einer Ausstellung Outdoor), kann im Innenbereich (z. B. im Caf\u00e9) oder im Garten \/ Gastgarten eingesetzt werden.&nbsp;<\/p>\n<p>Wegen dem Gewicht ist Versand mit Paketdienst nicht m\u00f6glich (Aufwand f\u00fcr Verpackung zu gro\u00df), also selber abholen (Terminvereinbarung) oder Versand per Spedition.<\/p>\n","protected":false},"excerpt":{"rendered":"<p><strong>Tischplatte Outdoor,&nbsp;<\/strong>zweifarbig, Dekor Wurzelnuss und dunkler Rand. Wasserfest und wetterfest, nur kurz gebraucht (in einer Ausstellung Outdoor).&nbsp; Das Gestell war an die Unterseite geschraubt und geklebt.&nbsp;<\/p>\n<p>120x80cm&nbsp;<\/p>\n<p>F\u00fcr Garten, Balkon, Terrasse und Gastronomie.&nbsp;<\/p>\n","protected":false},"featured_media":5141,"template":"","meta":{"ngg_post_thumbnail":0},"product_brand":[],"product_cat":[88,62,128,56],"product_tag":[294,447,302,303,291,446,308,259,448,260,289,290,292,287,288,451,450,449],"class_list":{"0":"post-5142","1":"product","2":"type-product","3":"status-publish","4":"has-post-thumbnail","6":"product_cat-esstische","7":"product_cat-tische-tischgestelle","8":"product_cat-gartenmoebel-outdoormoebel","9":"product_cat-tischplatten-borde-zuschnitte-platten-korpus","10":"product_tag-abgerundete-ecken","11":"product_tag-ausstellungstuecke","12":"product_tag-dekorspanplatte","13":"product_tag-dekorspanplatten","14":"product_tag-eckig","15":"product_tag-gebraucht","16":"product_tag-holzdekor","17":"product_tag-indoor","18":"product_tag-nuss","19":"product_tag-outdoor","20":"product_tag-platte","21":"product_tag-platten","22":"product_tag-rechteckig","23":"product_tag-tischplatte","24":"product_tag-tischplatten","25":"product_tag-werzalit","26":"product_tag-wurzelnuss","27":"product_tag-zweifarbig","28":"product_shipping_class-spedition","30":"first","31":"instock","32":"sale","33":"taxable","34":"shipping-taxable","35":"purchasable","36":"product-type-variable"},"_links":{"self":[{"href":"https:\/\/www.moebel.org\/cms\/wp-json\/wp\/v2\/product\/5142","targetHints":{"allow":["GET"]}}],"collection":[{"href":"https:\/\/www.moebel.org\/cms\/wp-json\/wp\/v2\/product"}],"about":[{"href":"https:\/\/www.moebel.org\/cms\/wp-json\/wp\/v2\/types\/product"}],"wp:featuredmedia":[{"embeddable":true,"href":"https:\/\/www.moebel.org\/cms\/wp-json\/wp\/v2\/media\/5141"}],"wp:attachment":[{"href":"https:\/\/www.moebel.org\/cms\/wp-json\/wp\/v2\/media?parent=5142"}],"wp:term":[{"taxonomy":"product_brand","embeddable":true,"href":"https:\/\/www.moebel.org\/cms\/wp-json\/wp\/v2\/product_brand?post=5142"},{"taxonomy":"product_cat","embeddable":true,"href":"https:\/\/www.moebel.org\/cms\/wp-json\/wp\/v2\/product_cat?post=5142"},{"taxonomy":"product_tag","embeddable":true,"href":"https:\/\/www.moebel.org\/cms\/wp-json\/wp\/v2\/product_tag?post=5142"}],"curies":[{"name":"wp","href":"https:\/\/api.w.org\/{rel}","templated":true}]}}

<p>Für Garten, Balkon, Terrasse und Gastronomiebetriebe.</p>
<p>120x80cm und 80x80cm&nbsp;</p>
<p><strong>Tischplatte</strong> zweifarbig, Dekor Wurzelnuss und dunkler Rand. <strong>Wasserfest</strong> und <strong>wetterfest</strong>, nur kurz gebraucht (in einer Ausstellung Outdoor), kann im Innenbereich (z. B. im Café) oder im Garten / Gastgarten eingesetzt werden.&nbsp;</p>
<p>Wegen dem Gewicht ist Versand mit Paketdienst nicht möglich (Aufwand für Verpackung zu groß), also selber abholen (Terminvereinbarung) oder Versand per Spedition.</p>

<p><strong>Tischplatte Outdoor,&nbsp;</strong>zweifarbig, Dekor Wurzelnuss und dunkler Rand. Wasserfest und wetterfest, nur kurz gebraucht (in einer Ausstellung Outdoor).&nbsp; Das Gestell war an die Unterseite geschraubt und geklebt.&nbsp;</p>
<p>120x80cm&nbsp;</p>
<p>Für Garten, Balkon, Terrasse und Gastronomie.&nbsp;</p>
