{"id":5073,"date":"2022-03-18T23:46:11","date_gmt":"2022-03-18T22:46:11","guid":{"rendered":"https:\/\/www.moebel.org\/cms\/?post_type=product&#038;p=5073"},"modified":"2024-08-05T14:22:45","modified_gmt":"2024-08-05T12:22:45","slug":"bambusmoebel-fauteuil-sessel-mod-manuela","status":"publish","type":"product","link":"https:\/\/www.moebel.org\/cms\/produkt\/bambusmoebel-fauteuil-sessel-mod-manuela\/","title":{"rendered":"Fauteuil \/ Sessel Mod. &#8220;MANUELA&#8221;, Bambusm\u00f6bel"},"content":{"rendered":"<p>Bambusm\u00f6bel, <strong>Fauteuil \/ Sessel<\/strong> Mod. &#8220;Manuela&#8221;.<\/p>\n<p>Elegant und gem\u00fctlich, der Sessel &#8220;Manuela&#8221; ist <strong>Sitzkomfort <\/strong>pur und die Polsterung ist abziehbar zum Waschen (Rei\u00dfverschluss).<\/p>\n<p>Die Rattan-Wicklungen und die Rohre aus Bambus sind fein geschliffen und transparent (farblos) lackiert.<\/p>\n<p>Auch als Sofa f\u00fcr 2 oder 3 Personen erh\u00e4ltlich.<\/p>\n<p>Ma\u00dfe (ca.): L\u00e4nge 95cm, Tiefe 87cm, H\u00f6he 76cm. Das ist indonesische Handarbeit (Einzelanfertigung), Ausf\u00fchrung und Ma\u00dfe k\u00f6nnen daher variieren.<br \/>\nDie M\u00f6bel selber abzuholen w\u00e4re optimal (weil Abverkauf, keine R\u00fccknahme m\u00f6glich), Lieferung per Spedition ist auch m\u00f6glich.<\/p>\n<p><a href=\"https:\/\/www.moebel.org\/cms\/kontaktformular\/\" target=\"_blank\" rel=\"noopener\"><img loading=\"lazy\" decoding=\"async\" class=\"auto-style1\" src=\"https:\/\/www.moebel.org\/e_mail_bild.jpg\" width=\"111\" height=\"25\"><\/a><\/p>\n<p><a href=\"https:\/\/www.moebel.org\/cms\/kontaktformular\/\" target=\"_blank\" rel=\"noopener\"><strong><span style=\"color: #d75e11;\">Anfrage<\/span><\/strong><\/a><\/p>\n","protected":false},"excerpt":{"rendered":"<p>Sitzm\u00f6bel (Bambusm\u00f6bel):<\/p>\n<p>Fauteuil aus starkem Bambusrohr, Sessel Mod. Manuela, Gepolsterte M\u00f6bel aus Bambus f\u00fcr Wohnzimmer, G\u00e4stezimmer, Kinderzimmer, usw.<\/p>\n<p><a href=\"https:\/\/www.moebel.org\/cms\/kontaktformular\/\" target=\"_blank\" rel=\"noopener\"><strong><span style=\"color: #d75e11;\">Kontakt<\/span><\/strong><\/a><\/p>\n","protected":false},"featured_media":5071,"template":"","meta":{"ngg_post_thumbnail":0},"product_brand":[],"product_cat":[47,73,54],"product_tag":[49,52,164,662,168,353,663,169,664,170,166,163,660,165,162,661,167,173,171],"class_list":{"0":"post-5073","1":"product","2":"type-product","3":"status-publish","4":"has-post-thumbnail","6":"product_cat-bambusmoebel-moebel-aus-bambus","7":"product_cat-bambussofas-sofas-sessel-hocker-aus-bambus","8":"product_cat-sofas","9":"product_tag-bambus","10":"product_tag-bambusmoebel","11":"product_tag-fauteuil","12":"product_tag-fredenzimmer","13":"product_tag-gaestezimmer","14":"product_tag-gepolstert","15":"product_tag-hotelzimmer","16":"product_tag-kinderzimmer","17":"product_tag-manuela","18":"product_tag-moebel","19":"product_tag-polsterung","20":"product_tag-sessel","21":"product_tag-sitzgruppe","22":"product_tag-sitzkomfort","23":"product_tag-sitzmoebel","24":"product_tag-wohnlandschaft","25":"product_tag-wohnzimmer","26":"product_tag-wohnzimmermoebel","27":"product_tag-wohnzimmersessel","28":"product_shipping_class-spedition","30":"first","31":"instock","32":"sale","33":"taxable","34":"shipping-taxable","35":"purchasable","36":"product-type-simple"},"_links":{"self":[{"href":"https:\/\/www.moebel.org\/cms\/wp-json\/wp\/v2\/product\/5073","targetHints":{"allow":["GET"]}}],"collection":[{"href":"https:\/\/www.moebel.org\/cms\/wp-json\/wp\/v2\/product"}],"about":[{"href":"https:\/\/www.moebel.org\/cms\/wp-json\/wp\/v2\/types\/product"}],"wp:featuredmedia":[{"embeddable":true,"href":"https:\/\/www.moebel.org\/cms\/wp-json\/wp\/v2\/media\/5071"}],"wp:attachment":[{"href":"https:\/\/www.moebel.org\/cms\/wp-json\/wp\/v2\/media?parent=5073"}],"wp:term":[{"taxonomy":"product_brand","embeddable":true,"href":"https:\/\/www.moebel.org\/cms\/wp-json\/wp\/v2\/product_brand?post=5073"},{"taxonomy":"product_cat","embeddable":true,"href":"https:\/\/www.moebel.org\/cms\/wp-json\/wp\/v2\/product_cat?post=5073"},{"taxonomy":"product_tag","embeddable":true,"href":"https:\/\/www.moebel.org\/cms\/wp-json\/wp\/v2\/product_tag?post=5073"}],"curies":[{"name":"wp","href":"https:\/\/api.w.org\/{rel}","templated":true}]}}