{"id":5013,"date":"2022-02-12T19:43:14","date_gmt":"2022-02-12T18:43:14","guid":{"rendered":"https:\/\/www.moebel.org\/cms\/?post_type=product&#038;p=5013"},"modified":"2024-08-05T14:24:43","modified_gmt":"2024-08-05T12:24:43","slug":"lattenroste-betteinsaetze-aus-bambus","status":"publish","type":"product","link":"https:\/\/www.moebel.org\/cms\/produkt\/lattenroste-betteinsaetze-aus-bambus\/","title":{"rendered":"Lattenroste, Betteinsatze aus Bambus"},"content":{"rendered":"<p><strong>Lattenrost \/ Betteinsatz aus Bambus.<\/strong><\/p>\n<p>Preise nur g\u00fcltig bei Bestellung gemeinsam mit Bettrahmen, ansonsten 20% Aufpreis! Siehe <a href=\"https:\/\/www.moebel.org\/bambus-preise.htm\">Preisliste<\/a>.<\/p>\n<p>Bei <strong>Doppelbetten<\/strong> (ab 140cm Matratzenbreite) sind pro Bett 2 Lattenroste \/ Betteins\u00e4tze aus Bambus n\u00f6tig! Bis 100cm Matratzenbreite nur 1 Lattenrost.<\/p>\n<p>So ein Betteinsatz kann auch ohne Rahmen als Bett verwendet werden, z. B. im Kinderzimmer oder G\u00e4stezimmer. Matratze drauf, passt. Man kann ihn, mit der langen Seite an die Wand gestellt und durch Verwendung zus\u00e4tzlicher R\u00fcckenpolster, ganz leicht auch in ein <strong><a href=\"https:\/\/www.moebel.org\/cms\/wp-content\/uploads\/Lattenrost-Sofa-Bett.jpg\">Sofa<\/a> <\/strong>umwandeln.<\/p>\n<p>Bei Bestellung bitte gew\u00fcnschte Variante bekannt geben (doppelter Rahmen, diagonale Streben, Farbe vom Bambus, &#8230;)!<\/p>\n<p>Das ist indonesische Handarbeit (Einzelanfertigung), Ausf\u00fchrung und Ma\u00dfe k\u00f6nnen daher variieren.<br \/>\nDie M\u00f6bel selber abzuholen w\u00e4re optimal (weil Abverkauf, keine R\u00fccknahme m\u00f6glich), Lieferung per Spedition ist auch m\u00f6glich.<\/p>\n<p><a href=\"https:\/\/www.moebel.org\/cms\/kontaktformular\/\" target=\"_blank\" rel=\"noopener\"><img loading=\"lazy\" decoding=\"async\" class=\"auto-style1\" src=\"https:\/\/www.moebel.org\/e_mail_bild.jpg\" width=\"111\" height=\"25\"><\/a><\/p>\n<p><a href=\"https:\/\/www.moebel.org\/cms\/kontaktformular\/\" target=\"_blank\" rel=\"noopener\"><strong><span style=\"color: #d75e11;\">Anfrage<\/span><\/strong><\/a><\/p>\n","protected":false},"excerpt":{"rendered":"<p><strong>Lattenroste \/ Betteins\u00e4tze aus Bambus.&nbsp;<\/strong><\/p>\n<p>Bei <strong>Doppelbetten<\/strong> (ab 140cm Matratzenbreite) sind pro Bett 2 Lattenroste \/ Betteins\u00e4tze aus Bambus n\u00f6tig! Bis 100cm Matratzenbreite nur 1 Lattenrost.<\/p>\n<p><a href=\"https:\/\/www.moebel.org\/cms\/kontaktformular\/\" target=\"_blank\" rel=\"noopener\"><strong><span style=\"color: #d75e11;\">Kontakt \/ Anfrage<\/span><\/strong><\/a><\/p>\n","protected":false},"featured_media":5012,"template":"","meta":{"ngg_post_thumbnail":0},"product_brand":[],"product_cat":[71,47,54],"product_tag":[49,50,232,52,51,237,132,521,231,133,523,524,168,235,169,236,131,522,170,233,234,134,172],"class_list":{"0":"post-5013","1":"product","2":"type-product","3":"status-publish","4":"has-post-thumbnail","6":"product_cat-bambusbetten","7":"product_cat-bambusmoebel-moebel-aus-bambus","8":"product_cat-sofas","9":"product_tag-bambus","10":"product_tag-bambusbett","11":"product_tag-bambusbetten","12":"product_tag-bambusmoebel","13":"product_tag-bett","14":"product_tag-bett-aus-bambus","15":"product_tag-betteinsatz","16":"product_tag-betteinsaetze","17":"product_tag-betten","18":"product_tag-couch","19":"product_tag-gaestebett","20":"product_tag-gaestebetten","21":"product_tag-gaestezimmer","22":"product_tag-gaestezimmermoebel","23":"product_tag-kinderzimmer","24":"product_tag-kinderzimmermoebel","25":"product_tag-lattenrost","26":"product_tag-lattenroste","27":"product_tag-moebel","28":"product_tag-schlafzimmer","29":"product_tag-schlafzimmermoebel","30":"product_tag-sofa","31":"product_tag-sofas","32":"product_shipping_class-spedition","34":"first","35":"instock","36":"taxable","37":"shipping-taxable","38":"purchasable","39":"product-type-variable"},"_links":{"self":[{"href":"https:\/\/www.moebel.org\/cms\/wp-json\/wp\/v2\/product\/5013","targetHints":{"allow":["GET"]}}],"collection":[{"href":"https:\/\/www.moebel.org\/cms\/wp-json\/wp\/v2\/product"}],"about":[{"href":"https:\/\/www.moebel.org\/cms\/wp-json\/wp\/v2\/types\/product"}],"wp:featuredmedia":[{"embeddable":true,"href":"https:\/\/www.moebel.org\/cms\/wp-json\/wp\/v2\/media\/5012"}],"wp:attachment":[{"href":"https:\/\/www.moebel.org\/cms\/wp-json\/wp\/v2\/media?parent=5013"}],"wp:term":[{"taxonomy":"product_brand","embeddable":true,"href":"https:\/\/www.moebel.org\/cms\/wp-json\/wp\/v2\/product_brand?post=5013"},{"taxonomy":"product_cat","embeddable":true,"href":"https:\/\/www.moebel.org\/cms\/wp-json\/wp\/v2\/product_cat?post=5013"},{"taxonomy":"product_tag","embeddable":true,"href":"https:\/\/www.moebel.org\/cms\/wp-json\/wp\/v2\/product_tag?post=5013"}],"curies":[{"name":"wp","href":"https:\/\/api.w.org\/{rel}","templated":true}]}}