{"id":4994,"date":"2022-02-12T15:53:06","date_gmt":"2022-02-12T14:53:06","guid":{"rendered":"https:\/\/www.moebel.org\/cms\/?post_type=product&#038;p=4994"},"modified":"2024-08-05T14:25:14","modified_gmt":"2024-08-05T12:25:14","slug":"bambusbett-90x200cm","status":"publish","type":"product","link":"https:\/\/www.moebel.org\/cms\/produkt\/bambusbett-90x200cm\/","title":{"rendered":"Bambusbett 90x200cm"},"content":{"rendered":"<p><strong>Bambusbett 90x200cm <\/strong>(Innenma\u00df \/ Matratzenma\u00df), Betten mit verschiedenen Kopfteilen, mit Rattan als Abschluss der Rohre oder mit Holzkappen, heller Bambus oder schwarzer Bambus.<\/p>\n<p><strong>Bettrahmen aus Bambus<\/strong>, der Preis ist ohne Matratze, Bettw\u00e4sche, Betteinsatz (Lattenrost), Dekoration, usw. Den <a href=\"https:\/\/www.moebel.org\/cms\/produkt\/lattenrost-betteinsatze-aus-bambus\/\"><strong>Betteinsatz aus Bambus<\/strong><\/a> bitte extra bestellen, falls gew\u00fcnscht, in diese Bambusbetten passen sonst auch andere Betteins\u00e4tze die auf eigenen Beinen stehen.<\/p>\n<p>Innovative Eckverbindungen aus Stahl (an jeder Ecke 3), die Betten sind so immer wieder zerlegbar und montierbar (z. B. zum \u00dcbersiedeln oder zum Renovieren des Raumes). Lieferung per Spedition, zerlegt, in Kartons, auf Palette.<\/p>\n<p>Das ist indonesische Handarbeit (Einzelanfertigung), Ausf\u00fchrung und Ma\u00dfe k\u00f6nnen daher variieren.<br \/>\nDie M\u00f6bel selber abzuholen w\u00e4re optimal (weil Abverkauf, keine R\u00fccknahme m\u00f6glich), Lieferung per Spedition ist auch m\u00f6glich.<\/p>\n<p>Matratzen auf <a href=\"https:\/\/www.moebel.org\/cms\/kontaktformular\/\" target=\"_blank\" rel=\"noopener\"><strong><span style=\"color: #d75e11;\">Anfrage<\/span><\/strong><\/a><\/p>\n<p><a href=\"https:\/\/www.moebel.org\/cms\/kontaktformular\/\" target=\"_blank\" rel=\"noopener\"><img loading=\"lazy\" decoding=\"async\" class=\"auto-style1\" src=\"https:\/\/www.moebel.org\/e_mail_bild.jpg\" width=\"111\" height=\"25\"><\/a><\/p>\n","protected":false},"excerpt":{"rendered":"<p>Bambusbett 90x200cm, Single, <strong>Bettrahmen<\/strong> ohne Betteinsatz \/ Lattenrost, etc.<\/p>\n<p>Matratzen auf <a href=\"https:\/\/www.moebel.org\/cms\/kontaktformular\/\" target=\"_blank\" rel=\"noopener\"><strong><span style=\"color: #d75e11;\">Anfrage<\/span><\/strong><\/a><\/p>\n","protected":false},"featured_media":5002,"template":"","meta":{"ngg_post_thumbnail":0},"product_brand":[],"product_cat":[71,47],"product_tag":[49,50,232,52,51,237,231,238,523,524,168,235,169,236,170,233,234,239],"class_list":{"0":"post-4994","1":"product","2":"type-product","3":"status-publish","4":"has-post-thumbnail","6":"product_cat-bambusbetten","7":"product_cat-bambusmoebel-moebel-aus-bambus","8":"product_tag-bambus","9":"product_tag-bambusbett","10":"product_tag-bambusbetten","11":"product_tag-bambusmoebel","12":"product_tag-bett","13":"product_tag-bett-aus-bambus","14":"product_tag-betten","15":"product_tag-betten-aus-bambus","16":"product_tag-gaestebett","17":"product_tag-gaestebetten","18":"product_tag-gaestezimmer","19":"product_tag-gaestezimmermoebel","20":"product_tag-kinderzimmer","21":"product_tag-kinderzimmermoebel","22":"product_tag-moebel","23":"product_tag-schlafzimmer","24":"product_tag-schlafzimmermoebel","25":"product_tag-singlebett","26":"product_shipping_class-spedition","28":"first","29":"instock","30":"taxable","31":"shipping-taxable","32":"purchasable","33":"product-type-variable"},"_links":{"self":[{"href":"https:\/\/www.moebel.org\/cms\/wp-json\/wp\/v2\/product\/4994","targetHints":{"allow":["GET"]}}],"collection":[{"href":"https:\/\/www.moebel.org\/cms\/wp-json\/wp\/v2\/product"}],"about":[{"href":"https:\/\/www.moebel.org\/cms\/wp-json\/wp\/v2\/types\/product"}],"wp:featuredmedia":[{"embeddable":true,"href":"https:\/\/www.moebel.org\/cms\/wp-json\/wp\/v2\/media\/5002"}],"wp:attachment":[{"href":"https:\/\/www.moebel.org\/cms\/wp-json\/wp\/v2\/media?parent=4994"}],"wp:term":[{"taxonomy":"product_brand","embeddable":true,"href":"https:\/\/www.moebel.org\/cms\/wp-json\/wp\/v2\/product_brand?post=4994"},{"taxonomy":"product_cat","embeddable":true,"href":"https:\/\/www.moebel.org\/cms\/wp-json\/wp\/v2\/product_cat?post=4994"},{"taxonomy":"product_tag","embeddable":true,"href":"https:\/\/www.moebel.org\/cms\/wp-json\/wp\/v2\/product_tag?post=4994"}],"curies":[{"name":"wp","href":"https:\/\/api.w.org\/{rel}","templated":true}]}}