{"id":4963,"date":"2022-01-21T15:42:34","date_gmt":"2022-01-21T14:42:34","guid":{"rendered":"https:\/\/www.moebel.org\/cms\/?post_type=product&#038;p=4963"},"modified":"2023-12-28T14:28:44","modified_gmt":"2023-12-28T13:28:44","slug":"klapptischgestell-mod-wales-8054600","status":"publish","type":"product","link":"https:\/\/www.moebel.org\/cms\/produkt\/klapptischgestell-mod-wales-8054600\/","title":{"rendered":"Klapptischgestell Mod. Wales-8054600"},"content":{"rendered":"<p align=\"LEFT\"><span class=\"auto-style10\"><strong>Robustes Klapptischgestell<\/strong> mit Formrohrzarge (1400 x 700 mm, 30 x 30 mm), F\u00fc\u00dfe mit Verstellgleitern ausgestattet, H\u00f6he 700 mm, f\u00fcr Tischplatte ab 1400 x 700 mm, Gewicht: ca. 12 kg.<\/span><\/p>\n<p>Mit Kunststoff-Lager (= Stapelschutz).<\/p>\n<p align=\"LEFT\"><strong><span class=\"auto-style10\">Schwarz<\/span><\/strong><span class=\"auto-style10\"> oder Farbe nach <strong>RAL<\/strong><\/span><span class=\"auto-style10\"> m\u00f6glich, auf Anfrage auch mit Sonderma\u00df und auch galvanisch verzinkt (Outdoor-Variante). <\/span>Aktuell verursachen Farben nach RAL <strong> 30% <\/strong>Aufpreis, <a href=\"https:\/\/www.moebel.org\/cms\/ral-farben-wales\/\" target=\"_blank\" rel=\"noopener\"><strong><span style=\"color: #d75e11;\">Beispiele RAL-Farben<\/span><\/strong><\/a>.<\/p>\n<p align=\"LEFT\">Sie bekommen bei uns auch die passende <a href=\"https:\/\/www.moebel.org\/tischplatten-tischplatte.htm\" target=\"_blank\" rel=\"noopener\"><strong><span style=\"color: #d75e11;\">Tischplatte<\/span><\/strong><\/a> zum Tischgestell (auch nach Ma\u00df).<\/p>\n<p>Gr\u00f6\u00dfere Mengen, andere Ma\u00dfe, Lieferzeit und Transport auf Palette auf Anfrage:<\/p>\n<p><a href=\"https:\/\/www.moebel.org\/cms\/kontaktformular\/\" target=\"_blank\" rel=\"noopener\"><strong><span style=\"color: #d75e11;\">Kontakt<\/span><\/strong><\/a><\/p>\n","protected":false},"excerpt":{"rendered":"<p><strong>Gestell f\u00fcr Klapptische<\/strong>, Formrohr-Zarge 1400 x 700 mm, Verstellgleiter, H\u00f6he 700 mm, f\u00fcr Tischplatten ab 1400 x 700 mm,&nbsp;<\/p>\n<p>Schwarz&nbsp;oder Farbe nach&nbsp;RAL<\/p>\n<p>Gr\u00f6\u00dfere Mengen und Transport auf Palette auf Anfrage:<\/p>\n<p><a href=\"https:\/\/www.moebel.org\/cms\/kontaktformular\/\" target=\"_blank\" rel=\"noopener\"><strong><span style=\"color: #d75e11;\">Kontakt<\/span><\/strong><\/a><\/p>\n","protected":false},"featured_media":4967,"template":"","meta":{"ngg_post_thumbnail":0},"product_brand":[],"product_cat":[88,62,82],"product_tag":[224,208,219,220,225,217,218,226,215,216,222,209,254,221,227,228,229,230,223,253],"class_list":{"0":"post-4963","1":"product","2":"type-product","3":"status-publish","4":"has-post-thumbnail","6":"product_cat-esstische","7":"product_cat-tische-tischgestelle","8":"product_cat-klapptische-klapptischgestelle","9":"product_tag-chrome","10":"product_tag-farbig","11":"product_tag-gestell","12":"product_tag-gestelle","13":"product_tag-klapptisch","14":"product_tag-klapptisch-gestell","15":"product_tag-klapptisch-gestelle","16":"product_tag-klapptische","17":"product_tag-klapptischgestell","18":"product_tag-klapptischgestelle","19":"product_tag-metall","20":"product_tag-ral","21":"product_tag-schwarz","22":"product_tag-stahl","23":"product_tag-tisch","24":"product_tag-tische","25":"product_tag-tischgestell","26":"product_tag-tischgestelle","27":"product_tag-verchromt","28":"product_tag-zargengestell","29":"product_shipping_class-spedition","31":"first","32":"onbackorder","33":"taxable","34":"shipping-taxable","35":"purchasable","36":"product-type-variable","37":"has-default-attributes"},"_links":{"self":[{"href":"https:\/\/www.moebel.org\/cms\/wp-json\/wp\/v2\/product\/4963","targetHints":{"allow":["GET"]}}],"collection":[{"href":"https:\/\/www.moebel.org\/cms\/wp-json\/wp\/v2\/product"}],"about":[{"href":"https:\/\/www.moebel.org\/cms\/wp-json\/wp\/v2\/types\/product"}],"wp:featuredmedia":[{"embeddable":true,"href":"https:\/\/www.moebel.org\/cms\/wp-json\/wp\/v2\/media\/4967"}],"wp:attachment":[{"href":"https:\/\/www.moebel.org\/cms\/wp-json\/wp\/v2\/media?parent=4963"}],"wp:term":[{"taxonomy":"product_brand","embeddable":true,"href":"https:\/\/www.moebel.org\/cms\/wp-json\/wp\/v2\/product_brand?post=4963"},{"taxonomy":"product_cat","embeddable":true,"href":"https:\/\/www.moebel.org\/cms\/wp-json\/wp\/v2\/product_cat?post=4963"},{"taxonomy":"product_tag","embeddable":true,"href":"https:\/\/www.moebel.org\/cms\/wp-json\/wp\/v2\/product_tag?post=4963"}],"curies":[{"name":"wp","href":"https:\/\/api.w.org\/{rel}","templated":true}]}}

<p align="LEFT"><span class="auto-style10"><strong>Robustes Klapptischgestell</strong> mit Formrohrzarge (1400 x 700 mm, 30 x 30 mm), Füße mit Verstellgleitern ausgestattet, Höhe 700 mm, für Tischplatte ab 1400 x 700 mm, Gewicht: ca. 12 kg.</span></p>
<p>Mit Kunststoff-Lager (= Stapelschutz).</p>
<p align="LEFT"><strong><span class="auto-style10">Schwarz</span></strong><span class="auto-style10"> oder Farbe nach <strong>RAL</strong></span><span class="auto-style10"> möglich, auf Anfrage auch mit Sondermaß und auch galvanisch verzinkt (Outdoor-Variante). </span>Aktuell verursachen Farben nach RAL <strong> 30% </strong>Aufpreis, <a href="https://www.moebel.org/cms/ral-farben-wales/" target="_blank" rel="noopener"><strong><span style="color: #d75e11;">Beispiele RAL-Farben</span></strong></a>.</p>
<p align="LEFT">Sie bekommen bei uns auch die passende <a href="https://www.moebel.org/tischplatten-tischplatte.htm" target="_blank" rel="noopener"><strong><span style="color: #d75e11;">Tischplatte</span></strong></a> zum Tischgestell (auch nach Maß).</p>
<p>Größere Mengen, andere Maße, Lieferzeit und Transport auf Palette auf Anfrage:</p>
<p><a href="https://www.moebel.org/cms/kontaktformular/" target="_blank" rel="noopener"><strong><span style="color: #d75e11;">Kontakt</span></strong></a></p>

<p><strong>Gestell für Klapptische</strong>, Formrohr-Zarge 1400 x 700 mm, Verstellgleiter, Höhe 700 mm, für Tischplatten ab 1400 x 700 mm,&nbsp;</p>
<p>Schwarz&nbsp;oder Farbe nach&nbsp;RAL</p>
<p>Größere Mengen und Transport auf Palette auf Anfrage:</p>
<p><a href="https://www.moebel.org/cms/kontaktformular/" target="_blank" rel="noopener"><strong><span style="color: #d75e11;">Kontakt</span></strong></a></p>
