{"id":4940,"date":"2021-12-16T22:03:20","date_gmt":"2021-12-16T21:03:20","guid":{"rendered":"https:\/\/www.moebel.org\/cms\/?post_type=product&#038;p=4940"},"modified":"2026-03-29T13:49:58","modified_gmt":"2026-03-29T11:49:58","slug":"klapptischgestell-modellandrea-03","status":"publish","type":"product","link":"https:\/\/www.moebel.org\/cms\/produkt\/klapptischgestell-modellandrea-03\/","title":{"rendered":"Klapptischgestell &#8220;Andrea 03&#8221;, Vierkant-Rohr"},"content":{"rendered":"<p><strong>Klappbares Tischgestell<\/strong>, passt f\u00fcr rechteckige oder quadratische Tischplatten. Beine aus Stahl (Formrohr bzw. Vierkantrohr), der Preis ist f\u00fcr <strong>1 Set<\/strong> (f\u00fcr 1 Tisch, ohne Tischplatte).<\/p>\n<p>60cm breit, 71cm hoch.<\/p>\n<p>F\u00fcr Tischplatten ab 80x80cm<\/p>\n<p>Dieses Klapptisch-Gestell gibt es bei gr\u00f6\u00dferen Bestellmengen auch in Sonderma\u00df und in vielen <span class=\"auto-style16\">Farben:<\/span><\/p>\n<p>01 Verchromt, 03 Schwarz, 3D Schwarz matt, 02 Wei\u00df, 09 Aluminium-Grau, 28 Graphit, 45 Umbrisch-Grau, 9D Dunkelgrau matt, 53 Champagne, 23 Corten, 33 roh.<\/p>\n<p><a href=\"https:\/\/www.moebel.org\/cms\/kontaktformular\/\" target=\"_blank\" rel=\"noopener\"><strong><span style=\"color: #d75e11;\">Kontakt<\/span><\/strong><\/a><\/p>\n","protected":false},"excerpt":{"rendered":"<p><strong>Klappbares Gestell<\/strong> f\u00fcr rechteckige oder quadratische Tischplatten.<br \/>\nFarben: Verchromt, Wei\u00df, Grau, andere Farben auf Anfrage.<br \/>\n<a href=\"https:\/\/www.moebel.org\/cms\/kontaktformular\/\" target=\"_blank\" rel=\"noopener\"><strong><span style=\"color: #d75e11;\">Kontakt<\/span><\/strong><\/a><\/p>\n","protected":false},"featured_media":4945,"template":"","meta":{"ngg_post_thumbnail":0},"product_brand":[],"product_cat":[88,62,82],"product_tag":[272,271,208,219,220,225,217,218,226,215,216,222,254,221,227,228,229,230,223],"class_list":{"0":"post-4940","1":"product","2":"type-product","3":"status-publish","4":"has-post-thumbnail","6":"product_cat-esstische","7":"product_cat-tische-tischgestelle","8":"product_cat-klapptische-klapptischgestelle","9":"product_tag-chrom","10":"product_tag-eisen","11":"product_tag-farbig","12":"product_tag-gestell","13":"product_tag-gestelle","14":"product_tag-klapptisch","15":"product_tag-klapptisch-gestell","16":"product_tag-klapptisch-gestelle","17":"product_tag-klapptische","18":"product_tag-klapptischgestell","19":"product_tag-klapptischgestelle","20":"product_tag-metall","21":"product_tag-schwarz","22":"product_tag-stahl","23":"product_tag-tisch","24":"product_tag-tische","25":"product_tag-tischgestell","26":"product_tag-tischgestelle","27":"product_tag-verchromt","28":"product_shipping_class-paket-large","30":"first","31":"instock","32":"sale","33":"taxable","34":"shipping-taxable","35":"purchasable","36":"product-type-variable"},"_links":{"self":[{"href":"https:\/\/www.moebel.org\/cms\/wp-json\/wp\/v2\/product\/4940","targetHints":{"allow":["GET"]}}],"collection":[{"href":"https:\/\/www.moebel.org\/cms\/wp-json\/wp\/v2\/product"}],"about":[{"href":"https:\/\/www.moebel.org\/cms\/wp-json\/wp\/v2\/types\/product"}],"wp:featuredmedia":[{"embeddable":true,"href":"https:\/\/www.moebel.org\/cms\/wp-json\/wp\/v2\/media\/4945"}],"wp:attachment":[{"href":"https:\/\/www.moebel.org\/cms\/wp-json\/wp\/v2\/media?parent=4940"}],"wp:term":[{"taxonomy":"product_brand","embeddable":true,"href":"https:\/\/www.moebel.org\/cms\/wp-json\/wp\/v2\/product_brand?post=4940"},{"taxonomy":"product_cat","embeddable":true,"href":"https:\/\/www.moebel.org\/cms\/wp-json\/wp\/v2\/product_cat?post=4940"},{"taxonomy":"product_tag","embeddable":true,"href":"https:\/\/www.moebel.org\/cms\/wp-json\/wp\/v2\/product_tag?post=4940"}],"curies":[{"name":"wp","href":"https:\/\/api.w.org\/{rel}","templated":true}]}}