{"id":4796,"date":"2021-10-05T18:30:51","date_gmt":"2021-10-05T16:30:51","guid":{"rendered":"https:\/\/www.moebel.org\/cms\/?post_type=product&#038;p=4796"},"modified":"2022-03-19T16:27:10","modified_gmt":"2022-03-19T15:27:10","slug":"stehtisch-esstisch-indoor-outdoor-60cm","status":"publish","type":"product","link":"https:\/\/www.moebel.org\/cms\/produkt\/stehtisch-esstisch-indoor-outdoor-60cm\/","title":{"rendered":"Stehtisch, Esstisch, Indoor, Outdoor, 60cm"},"content":{"rendered":"<p><strong>Stehtisch = Esstisch,<\/strong> variabel in der Verwendung, passt f\u00fcr Indoor und Outdoor und kann als Stehtisch oder als Esstisch verwendet werden.<\/p>\n<p>Platte mit 60cm Durchmesser.<\/p>\n<p>1 Tisch f\u00fcr 2 H\u00f6hen, Esstisch oder Stehtisch, Gestell Aluminium und Platte mit Inox \u00fcberzogen. Alles rostfrei.<\/p>\n<p><a href=\"https:\/\/www.moebel.org\/cms\/kontaktformular\/\" target=\"_blank\" rel=\"noopener\"><strong><span style=\"color: #d75e11;\">Kontakt \/ Anfrage<\/span><\/strong><\/a><\/p>\n","protected":false},"excerpt":{"rendered":"<p><strong>Alu-Stehtisch,<\/strong> Tischplatte rund 60 cm Durchmesser mit <strong>INOX<\/strong> (Stahl rostfrei) belegt.<\/p>\n<p><a href=\"https:\/\/www.moebel.org\/cms\/kontaktformular\/\" target=\"_blank\" rel=\"noopener\"><strong><span style=\"color: #d75e11;\">Kontakt \/ Anfrage<\/span><\/strong><\/a><\/p>\n","protected":false},"featured_media":4857,"template":"","meta":{"ngg_post_thumbnail":0},"product_brand":[],"product_cat":[88,62,128,58],"product_tag":[264,266,267,270,257,258,261,262,263,259,268,260,269,212,255,256,265],"class_list":{"0":"post-4796","1":"product","2":"type-product","3":"status-publish","4":"has-post-thumbnail","6":"product_cat-esstische","7":"product_cat-tische-tischgestelle","8":"product_cat-gartenmoebel-outdoormoebel","9":"product_cat-stehtische-stehtischgestelle","10":"product_tag-2-hoehen","11":"product_tag-60cm","12":"product_tag-aluminium","13":"product_tag-edelstahl","14":"product_tag-esstisch","15":"product_tag-esstische","16":"product_tag-gartentisch","17":"product_tag-gartentische","18":"product_tag-hoehenverstellbar","19":"product_tag-indoor","20":"product_tag-inox","21":"product_tag-outdoor","22":"product_tag-rostfrei","23":"product_tag-rund","24":"product_tag-stehtisch","25":"product_tag-stehtische","26":"product_tag-veriabel","27":"product_shipping_class-paket-xl-bis-gurtmass","29":"first","30":"instock","31":"taxable","32":"shipping-taxable","33":"purchasable","34":"product-type-simple"},"_links":{"self":[{"href":"https:\/\/www.moebel.org\/cms\/wp-json\/wp\/v2\/product\/4796","targetHints":{"allow":["GET"]}}],"collection":[{"href":"https:\/\/www.moebel.org\/cms\/wp-json\/wp\/v2\/product"}],"about":[{"href":"https:\/\/www.moebel.org\/cms\/wp-json\/wp\/v2\/types\/product"}],"wp:featuredmedia":[{"embeddable":true,"href":"https:\/\/www.moebel.org\/cms\/wp-json\/wp\/v2\/media\/4857"}],"wp:attachment":[{"href":"https:\/\/www.moebel.org\/cms\/wp-json\/wp\/v2\/media?parent=4796"}],"wp:term":[{"taxonomy":"product_brand","embeddable":true,"href":"https:\/\/www.moebel.org\/cms\/wp-json\/wp\/v2\/product_brand?post=4796"},{"taxonomy":"product_cat","embeddable":true,"href":"https:\/\/www.moebel.org\/cms\/wp-json\/wp\/v2\/product_cat?post=4796"},{"taxonomy":"product_tag","embeddable":true,"href":"https:\/\/www.moebel.org\/cms\/wp-json\/wp\/v2\/product_tag?post=4796"}],"curies":[{"name":"wp","href":"https:\/\/api.w.org\/{rel}","templated":true}]}}

<p><strong>Stehtisch = Esstisch,</strong> variabel in der Verwendung, passt für Indoor und Outdoor und kann als Stehtisch oder als Esstisch verwendet werden.</p>
<p>Platte mit 60cm Durchmesser.</p>
<p>1 Tisch für 2 Höhen, Esstisch oder Stehtisch, Gestell Aluminium und Platte mit Inox überzogen. Alles rostfrei.</p>
<p><a href="https://www.moebel.org/cms/kontaktformular/" target="_blank" rel="noopener"><strong><span style="color: #d75e11;">Kontakt / Anfrage</span></strong></a></p>
