{"id":2927,"date":"2021-02-05T21:14:28","date_gmt":"2021-02-05T20:14:28","guid":{"rendered":"https:\/\/www.moebel.org\/cms\/?post_type=product&#038;p=2927"},"modified":"2025-03-11T14:18:06","modified_gmt":"2025-03-11T13:18:06","slug":"beri_stk_h-stadionsitz","status":"publish","type":"product","link":"https:\/\/www.moebel.org\/cms\/produkt\/beri_stk_h-stadionsitz\/","title":{"rendered":"Sitz &#8220;Beri_Stk_H&#8221; Stadionsitz ohne Montageplatte"},"content":{"rendered":"<h1>Stadionsitze Mod. <strong>Beri_Stk_H.<\/strong><\/h1>\n<p>Ein Sitz mit halbhoher Lehne, f\u00fcr Zuseher in Sportst\u00e4tten im Freien und in Sporthallen (Indoor-Schulsport, etc.). Ein robuster Sitz der f\u00fcr alle Outdoor-Verwendungen bestens geeignet ist, wie z. B. f\u00fcr die Freiluft-B\u00fchne, das Stadion, den Tennisplatz (indoor und outdoor), den Fu\u00dfballplatz, usw.<br \/>\nSportsitze die Outdoor gut sind, kann man nat\u00fcrlich auch im Innenbereich einsetzen (Trib\u00fcne in der Sporthalle, Turnhalle).<\/p>\n<p>Die <strong>Montage<\/strong> erfolgt bei diesem Modell von unten (mittels 4 Schrauben), auf Metallgestell, Konsole oder auf der Anti-Vandalismus-Platte! Der hier angegebene Preis ist f\u00fcr <strong>Kleinmengen <\/strong>(sofern lagernd) und ohne Metallteile wie Traverse, Montageplatte und sonstige Konstruktion aus Stahl.<\/p>\n<p><strong><a href=\"https:\/\/www.moebel.org\/cms\/wp-content\/uploads\/P1270745.jpg\" rel=\"noopener\"><span style=\"color: #d75e11;\">Foto der Anti-Vandalismus-Platte<\/span><\/a><\/strong> bzw. Montageplatte (gibt es ab 6.- Euro + MwSt.), diese Montageplatte ist nicht im Preis enthalten.<\/p>\n<p><strong><a href=\"https:\/\/www.moebel.org\/cms\/wp-content\/uploads\/Stadionsitze-Sitzschalen-Sitze-Sportplaetze-Beri_Stk_H_a.jpg\" rel=\"noopener\"><span style=\"color: #d75e11;\">Foto Montage-Varianten<\/span><\/a>,<\/strong> Konsolen, Metallgestelle f\u00fcr B\u00e4nke (gibt es f\u00fcr die Montage auf Setzstufe oder Trittstufe).<\/p>\n<p>Gr\u00f6\u00dfere Mengen, Sitze als Bank (Sonderanfertigungen mit 2, 3, 4 oder 5 Sitzen) und verzinkte oder farbig lackierte Konsolen auf <a href=\"https:\/\/www.moebel.org\/cms\/kontaktformular\/\" target=\"_blank\" rel=\"noopener\"><strong><span style=\"color: #d75e11;\">ANFRAGE<\/span><\/strong><\/a><\/p>\n<p>| <a href=\"https:\/\/www.moebel.org\/cms\/produkt-kategorie\/stadionsitze\/klappsitze\/\" target=\"_top\" rel=\"noopener\"><strong><span style=\"color: #d75e11;\">Klappsitze<\/span><\/strong><\/a> | <a href=\"https:\/\/www.moebel.org\/cms\/produkt-kategorie\/stadionsitze\/schalensitze\/\" target=\"_top\" rel=\"noopener\"><strong><span style=\"color: #d75e11;\">Schalensitze<\/span><\/strong><\/a> | <a href=\"https:\/\/www.moebel.org\/cms\/shop\/\" target=\"_top\" rel=\"noopener\"><strong><span style=\"color: #d75e11;\">Shop Startseite<\/span><\/strong><\/a> | <a href=\"https:\/\/www.moebel.org\/cms\/kontaktformular\/\" target=\"_blank\" rel=\"noopener\"><strong><span style=\"color: #d75e11;\">Kontakt<\/span><\/strong><\/a> |<\/p>\n<p>&nbsp;<\/p>\n","protected":false},"excerpt":{"rendered":"<p>Kunststoff-Sitze f\u00fcr Sportst\u00e4tten, Schulen, B\u00fchnen, etc.<br \/>\nElegante Form, halbhohe Lehne, f\u00fcr Verwendung im Au\u00dfenbereich und in der Halle (Freiluft-B\u00fchne, Stadion, Sporthalle, Trib\u00fcne, Tennisplatz, Fu\u00dfballplatz, \u2026).<\/p>\n<p>Der Preis hier ist f\u00fcr <strong>Kleinmengen <\/strong>(sofern lagernd) und <strong>ohne<\/strong> Montageplatte! Gr\u00f6\u00dfere Mengen, Sitze als Bank, Montageplatten und verzinkte oder farbig lackierte Konsolen auf Anfrage:&nbsp;<br \/>\n<a href=\"https:\/\/www.moebel.org\/cms\/kontaktformular\/\" target=\"_blank\" rel=\"noopener\"><strong><span style=\"color: #d75e11;\">Kontakt<\/span><\/strong><\/a><\/p>\n","protected":false},"featured_media":2924,"template":"","meta":{"ngg_post_thumbnail":0},"product_brand":[],"product_cat":[76],"product_tag":[649,147,152,647,648,149,151,143,150,153,144,148,154,146,145,140,141,155,142],"class_list":{"0":"post-2927","1":"product","2":"type-product","3":"status-publish","4":"has-post-thumbnail","6":"product_cat-schalensitze","7":"product_tag-anti-vandalismus-platte","8":"product_tag-fussballplatz","9":"product_tag-fussballplaetze","10":"product_tag-montageplatte","11":"product_tag-montageplatten","12":"product_tag-schalensitze","13":"product_tag-sitz","14":"product_tag-sitze-fuer-sportstaetten","15":"product_tag-sitzschalen","16":"product_tag-sporthalle","17":"product_tag-sporthallen","18":"product_tag-sportplatz","19":"product_tag-sportplaetze","20":"product_tag-stadien","21":"product_tag-stadion","22":"product_tag-stadionsitz","23":"product_tag-stadionsitze","24":"product_tag-tribuenensitz","25":"product_tag-tribuenensitze","26":"product_shipping_class-paket-xl-bis-gurtmass","28":"first","29":"instock","30":"taxable","31":"shipping-taxable","32":"purchasable","33":"product-type-variable"},"_links":{"self":[{"href":"https:\/\/www.moebel.org\/cms\/wp-json\/wp\/v2\/product\/2927","targetHints":{"allow":["GET"]}}],"collection":[{"href":"https:\/\/www.moebel.org\/cms\/wp-json\/wp\/v2\/product"}],"about":[{"href":"https:\/\/www.moebel.org\/cms\/wp-json\/wp\/v2\/types\/product"}],"wp:featuredmedia":[{"embeddable":true,"href":"https:\/\/www.moebel.org\/cms\/wp-json\/wp\/v2\/media\/2924"}],"wp:attachment":[{"href":"https:\/\/www.moebel.org\/cms\/wp-json\/wp\/v2\/media?parent=2927"}],"wp:term":[{"taxonomy":"product_brand","embeddable":true,"href":"https:\/\/www.moebel.org\/cms\/wp-json\/wp\/v2\/product_brand?post=2927"},{"taxonomy":"product_cat","embeddable":true,"href":"https:\/\/www.moebel.org\/cms\/wp-json\/wp\/v2\/product_cat?post=2927"},{"taxonomy":"product_tag","embeddable":true,"href":"https:\/\/www.moebel.org\/cms\/wp-json\/wp\/v2\/product_tag?post=2927"}],"curies":[{"name":"wp","href":"https:\/\/api.w.org\/{rel}","templated":true}]}}