{"id":2880,"date":"2021-02-03T15:33:59","date_gmt":"2021-02-03T14:33:59","guid":{"rendered":"https:\/\/www.moebel.org\/cms\/?post_type=product&#038;p=2880"},"modified":"2026-01-07T13:35:10","modified_gmt":"2026-01-07T12:35:10","slug":"stadionsitz-mod-beriome","status":"publish","type":"product","link":"https:\/\/www.moebel.org\/cms\/produkt\/stadionsitz-mod-beriome\/","title":{"rendered":"Stadionsitz Mod. &#8220;BeriOme&#8221;"},"content":{"rendered":"<h1>Sitzschale Mod. &#8220;<strong>BeriOme<\/strong>&#8221; (Schalensitz).<\/h1>\n<p>Ein Stadionsitz bzw. Sitz f\u00fcr Sportst\u00e4tten aller Art (Sporthallen, Trib\u00fcnen, Tennispl\u00e4tze, Freiluft-Stadien) und auch f\u00fcr Freiluft-Theater, Seeb\u00fchnen, Festspiele, Hallenb\u00e4der, Freib\u00e4der, Zirkusse, Museen, Fernsehstudios, Schulen, Universit\u00e4ten, Kinderg\u00e4rten, &#8230;!<\/p>\n<p>Diese Sitzschale passt praktisch \u00fcberall wo es outdoor oder indoor preiswerte Sitzpl\u00e4tze f\u00fcr Zuseher braucht und er kann sowohl von oben (mittels 3 Schrauben) direkt auf Betonstufen oder auf Holz geschraubt werden, als auch von unten (mittels 4 Schrauben) auf eine Metallkonstruktion (Restmengen fallweise lagernd).<\/p>\n<p><a href=\"https:\/\/www.moebel.org\/cms\/wp-content\/uploads\/Abdeckungen-mit-Nummern-omega_taghetta_numerata-Kop-Kop.jpg\"><strong><span style=\"color: #d75e11;\">Sitzplatznummern<\/span><\/strong> <\/a>bei gr\u00f6\u00dferen Bestellmengen ebenfalls m\u00f6glich (nicht lagernd).<\/p>\n<p>Der hier angegebene Preis ist f\u00fcr <strong>Kleinmengen! <\/strong>Gr\u00f6\u00dfere Mengen sowie Sitze auf verzinkten <a href=\"https:\/\/www.moebel.org\/cms\/wp-content\/uploads\/Stadionsitze-Sitzschalen-BeriOme-Uebersicht.jpg\"><strong><span style=\"color: #d75e11;\">Metallkonstruktionen <\/span><\/strong><\/a>(B\u00e4nke, Sonderanfertigung) und Transport per Spedition auf <a href=\"https:\/\/www.moebel.org\/cms\/kontaktformular\/\" target=\"_blank\" rel=\"noopener\"><strong><span style=\"color: #d75e11;\">ANFRAGE<\/span><\/strong><\/a><\/p>\n<p>| <a href=\"https:\/\/www.moebel.org\/cms\/produkt-kategorie\/stadionsitze\/klappsitze\/\" target=\"_top\" rel=\"noopener\"><strong><span style=\"color: #d75e11;\">Klappsitze<\/span><\/strong><\/a> | <a href=\"https:\/\/www.moebel.org\/cms\/produkt-kategorie\/stadionsitze\/schalensitze\/\" target=\"_top\" rel=\"noopener\"><strong><span style=\"color: #d75e11;\">Schalensitze<\/span><\/strong><\/a> | <a href=\"https:\/\/www.moebel.org\/cms\/shop\/\" target=\"_top\" rel=\"noopener\"><strong><span style=\"color: #d75e11;\">Shop Startseite<\/span><\/strong><\/a> |<\/p>\n<p>&nbsp;<\/p>\n","protected":false},"excerpt":{"rendered":"<p>Ein robuster und trotzdem preiswerter Schalensitz, f\u00fcr Hallen, Sportpl\u00e4tze, Sportst\u00e4tten und Freiluft-B\u00fchnen aller Art (Stadien, Sporthallen, Trib\u00fcnen, Tennispl\u00e4tze, Fu\u00dfballpl\u00e4tze, Seeb\u00fcnen, &#8230;).<\/p>\n<p>Der Preis hier im Shop ist f\u00fcr <strong>Kleinmengen<\/strong> ohne Metallteile.<br \/>\nGr\u00f6\u00dfere Mengen sowie Sitze auf verzinkten <strong>Metallkonstruktionen <\/strong>(B\u00e4nke) und Konsolen auf Anfrage:<br \/>\n<a href=\"https:\/\/www.moebel.org\/cms\/kontaktformular\/\" target=\"_blank\" rel=\"noopener\"><strong><span style=\"color: #d75e11;\">Kontakt<\/span><\/strong><\/a><\/p>\n","protected":false},"featured_media":2857,"template":"","meta":{"ngg_post_thumbnail":0},"product_brand":[],"product_cat":[76],"product_tag":[147,152,149,151,143,150,153,144,148,154,146,145,140,141,155,142],"class_list":{"0":"post-2880","1":"product","2":"type-product","3":"status-publish","4":"has-post-thumbnail","6":"product_cat-schalensitze","7":"product_tag-fussballplatz","8":"product_tag-fussballplaetze","9":"product_tag-schalensitze","10":"product_tag-sitz","11":"product_tag-sitze-fuer-sportstaetten","12":"product_tag-sitzschalen","13":"product_tag-sporthalle","14":"product_tag-sporthallen","15":"product_tag-sportplatz","16":"product_tag-sportplaetze","17":"product_tag-stadien","18":"product_tag-stadion","19":"product_tag-stadionsitz","20":"product_tag-stadionsitze","21":"product_tag-tribuenensitz","22":"product_tag-tribuenensitze","23":"product_shipping_class-paket-xl-bis-gurtmass","25":"first","26":"instock","27":"taxable","28":"shipping-taxable","29":"purchasable","30":"product-type-variable"},"_links":{"self":[{"href":"https:\/\/www.moebel.org\/cms\/wp-json\/wp\/v2\/product\/2880","targetHints":{"allow":["GET"]}}],"collection":[{"href":"https:\/\/www.moebel.org\/cms\/wp-json\/wp\/v2\/product"}],"about":[{"href":"https:\/\/www.moebel.org\/cms\/wp-json\/wp\/v2\/types\/product"}],"wp:featuredmedia":[{"embeddable":true,"href":"https:\/\/www.moebel.org\/cms\/wp-json\/wp\/v2\/media\/2857"}],"wp:attachment":[{"href":"https:\/\/www.moebel.org\/cms\/wp-json\/wp\/v2\/media?parent=2880"}],"wp:term":[{"taxonomy":"product_brand","embeddable":true,"href":"https:\/\/www.moebel.org\/cms\/wp-json\/wp\/v2\/product_brand?post=2880"},{"taxonomy":"product_cat","embeddable":true,"href":"https:\/\/www.moebel.org\/cms\/wp-json\/wp\/v2\/product_cat?post=2880"},{"taxonomy":"product_tag","embeddable":true,"href":"https:\/\/www.moebel.org\/cms\/wp-json\/wp\/v2\/product_tag?post=2880"}],"curies":[{"name":"wp","href":"https:\/\/api.w.org\/{rel}","templated":true}]}}