{"id":2832,"date":"2021-02-01T13:33:28","date_gmt":"2021-02-01T12:33:28","guid":{"rendered":"https:\/\/www.moebel.org\/cms\/?post_type=product&#038;p=2832"},"modified":"2021-02-01T13:48:06","modified_gmt":"2021-02-01T12:48:06","slug":"barhocker-mod-andrea-konus","status":"publish","type":"product","link":"https:\/\/www.moebel.org\/cms\/produkt\/barhocker-mod-andrea-konus\/","title":{"rendered":"Barhocker Mod. &#8220;Andrea-Konus&#8221;"},"content":{"rendered":"<p><strong>Barhocker Mod. &#8220;Andrea-Konus&#8221;,<\/strong> ein moderner Barhocker bzw. Tresenhocker mit Fu\u00dfring (Fu\u00dfraster \/ Fu\u00dfst\u00fctze), in verchromter Ausf\u00fchrung oder auch lackiert lieferbar, bei gr\u00f6\u00dferen Mengen auch in anderen Farben.<br \/>\nDiesen Barhocker gibt es mit Sitz aus echtem Leder und auch mit Kunstleder-Sitz oder Sitz mit M\u00f6belstoff, falls es an der Bar bereits ein Fu\u00dfreling gibt, kann dieser Barhocker auch wohne Fu\u00dfring geliefert werden. <\/p>\n<p>Preis f\u00fcr gr\u00f6\u00dfere Mengen auf <a href=\"https:\/\/www.moebel.org\/cms\/kontaktformular\/\" rel=\"noopener\"><b>ANFRAGE<\/b><\/a> <\/p>\n","protected":false},"excerpt":{"rendered":"<p>Barhocker Mod. &#8220;Andrea-Konus&#8221;, Tresenhocker mit Fu\u00dfring.<br \/>\nDiesen Barhocker gibt es mit Sitz aus echtem Leder und auch mit Kunstleder-Sitz. <\/p>\n<p>Preis f\u00fcr gr\u00f6\u00dfere Mengen auf <a href=\"https:\/\/www.moebel.org\/cms\/kontaktformular\/\" rel=\"noopener\"><b>ANFRAGE<\/b><\/a> <\/p>\n","protected":false},"featured_media":2845,"template":"","meta":{"ngg_post_thumbnail":0},"product_brand":[],"product_cat":[69],"product_tag":[],"class_list":{"0":"post-2832","1":"product","2":"type-product","3":"status-publish","4":"has-post-thumbnail","6":"product_cat-metallbarhocker","7":"product_shipping_class-spedition","9":"first","10":"outofstock","11":"taxable","12":"shipping-taxable","13":"purchasable","14":"product-type-variable"},"_links":{"self":[{"href":"https:\/\/www.moebel.org\/cms\/wp-json\/wp\/v2\/product\/2832","targetHints":{"allow":["GET"]}}],"collection":[{"href":"https:\/\/www.moebel.org\/cms\/wp-json\/wp\/v2\/product"}],"about":[{"href":"https:\/\/www.moebel.org\/cms\/wp-json\/wp\/v2\/types\/product"}],"wp:featuredmedia":[{"embeddable":true,"href":"https:\/\/www.moebel.org\/cms\/wp-json\/wp\/v2\/media\/2845"}],"wp:attachment":[{"href":"https:\/\/www.moebel.org\/cms\/wp-json\/wp\/v2\/media?parent=2832"}],"wp:term":[{"taxonomy":"product_brand","embeddable":true,"href":"https:\/\/www.moebel.org\/cms\/wp-json\/wp\/v2\/product_brand?post=2832"},{"taxonomy":"product_cat","embeddable":true,"href":"https:\/\/www.moebel.org\/cms\/wp-json\/wp\/v2\/product_cat?post=2832"},{"taxonomy":"product_tag","embeddable":true,"href":"https:\/\/www.moebel.org\/cms\/wp-json\/wp\/v2\/product_tag?post=2832"}],"curies":[{"name":"wp","href":"https:\/\/api.w.org\/{rel}","templated":true}]}}

<p><strong>Barhocker Mod. &#8220;Andrea-Konus&#8221;,</strong> ein moderner Barhocker bzw. Tresenhocker mit Fußring (Fußraster / Fußstütze), in verchromter Ausführung oder auch lackiert lieferbar, bei größeren Mengen auch in anderen Farben.<br />
Diesen Barhocker gibt es mit Sitz aus echtem Leder und auch mit Kunstleder-Sitz oder Sitz mit Möbelstoff, falls es an der Bar bereits ein Fußreling gibt, kann dieser Barhocker auch wohne Fußring geliefert werden. </p>
<p>Preis für größere Mengen auf <a href="https://www.moebel.org/cms/kontaktformular/" rel="noopener"><b>ANFRAGE</b></a> </p>

<p>Barhocker Mod. &#8220;Andrea-Konus&#8221;, Tresenhocker mit Fußring.<br />
Diesen Barhocker gibt es mit Sitz aus echtem Leder und auch mit Kunstleder-Sitz. </p>
<p>Preis für größere Mengen auf <a href="https://www.moebel.org/cms/kontaktformular/" rel="noopener"><b>ANFRAGE</b></a> </p>
