{"id":2822,"date":"2021-01-31T22:41:13","date_gmt":"2021-01-31T21:41:13","guid":{"rendered":"https:\/\/www.moebel.org\/cms\/?post_type=product&#038;p=2822"},"modified":"2024-11-02T11:26:49","modified_gmt":"2024-11-02T10:26:49","slug":"barhockersitze-mit-echtem-leder","status":"publish","type":"product","link":"https:\/\/www.moebel.org\/cms\/produkt\/barhockersitze-mit-echtem-leder\/","title":{"rendered":"Barhockersitze mit echtem Leder"},"content":{"rendered":"<p>Barhockersitze in Sonderanfertigung (auf Anfrage auch nach Ma\u00df erh\u00e4ltlich),<br \/>\nDurchmesser Standard = 33cm.<\/p>\n<p>Das sind Sitze mit 1,8 bis 2,5cm starker Grundplatte (variabel), darauf ist fester Schaumstoff mit 5cm, Vlies und echtes Leder.<\/p>\n<p>M\u00f6gliche Farben siehe Fotos \/ Farbkarten.<\/p>\n<p>Der Preis ist f\u00fcr <strong>Kleinmengen <\/strong>(sofern lagernd)!<br \/>\nGr\u00f6\u00dfere Mengen, andere Farben und Preis f\u00fcr Sitze mit anderem Durchmesser auf <a href=\"https:\/\/www.moebel.org\/cms\/kontaktformular\/\" rel=\"noopener\"><strong>ANFRAGE<\/strong><\/a><\/p>\n<p>Alternativen (mit Kunstleder): <a href=\"https:\/\/www.moebel.org\/cms\/produkt\/barhockersitz-elena-kunstleder\/\">&nbsp;ELENA<\/a><\/p>\n","protected":false},"excerpt":{"rendered":"<p><strong>Sonderanfertigung Barhocker-Sitze mit echtem Leder<\/strong> (auch nach Ma\u00df).<br \/>\nFarben siehe Farbkarten in der Galerie.<\/p>\n<p>Preis f\u00fcr andere Durchmesser und gr\u00f6\u00dfere Mengen auf <a href=\"https:\/\/www.moebel.org\/cms\/kontaktformular\/\" rel=\"noopener\"><b>ANFRAGE<\/b><\/a><\/p>\n","protected":false},"featured_media":3142,"template":"","meta":{"ngg_post_thumbnail":0},"product_brand":[],"product_cat":[70,69,57,80],"product_tag":[199,354,136,356,208,214,353,211,355,166,213,212,151,210,529,357,200],"class_list":{"0":"post-2822","1":"product","2":"type-product","3":"status-publish","4":"has-post-thumbnail","6":"product_cat-barhocker-aus-holz","7":"product_cat-metallbarhocker","8":"product_cat-barhocker","9":"product_cat-barhockersitze","10":"product_tag-barhocker","11":"product_tag-barhockersitz","12":"product_tag-barhockersitze","13":"product_tag-echtleder","14":"product_tag-farbig","15":"product_tag-gastronomie","16":"product_tag-gepolstert","17":"product_tag-hocker","18":"product_tag-leder","19":"product_tag-polsterung","20":"product_tag-quadratisch","21":"product_tag-rund","22":"product_tag-sitz","23":"product_tag-sitze","24":"product_tag-sitzkissen","25":"product_tag-sonderanfertigung","26":"product_tag-tresenhocker","27":"product_shipping_class-paket-large","29":"first","30":"instock","31":"sale","32":"taxable","33":"shipping-taxable","34":"purchasable","35":"product-type-variable"},"_links":{"self":[{"href":"https:\/\/www.moebel.org\/cms\/wp-json\/wp\/v2\/product\/2822","targetHints":{"allow":["GET"]}}],"collection":[{"href":"https:\/\/www.moebel.org\/cms\/wp-json\/wp\/v2\/product"}],"about":[{"href":"https:\/\/www.moebel.org\/cms\/wp-json\/wp\/v2\/types\/product"}],"wp:featuredmedia":[{"embeddable":true,"href":"https:\/\/www.moebel.org\/cms\/wp-json\/wp\/v2\/media\/3142"}],"wp:attachment":[{"href":"https:\/\/www.moebel.org\/cms\/wp-json\/wp\/v2\/media?parent=2822"}],"wp:term":[{"taxonomy":"product_brand","embeddable":true,"href":"https:\/\/www.moebel.org\/cms\/wp-json\/wp\/v2\/product_brand?post=2822"},{"taxonomy":"product_cat","embeddable":true,"href":"https:\/\/www.moebel.org\/cms\/wp-json\/wp\/v2\/product_cat?post=2822"},{"taxonomy":"product_tag","embeddable":true,"href":"https:\/\/www.moebel.org\/cms\/wp-json\/wp\/v2\/product_tag?post=2822"}],"curies":[{"name":"wp","href":"https:\/\/api.w.org\/{rel}","templated":true}]}}

<p>Barhockersitze in Sonderanfertigung (auf Anfrage auch nach Maß erhältlich),<br />
Durchmesser Standard = 33cm.</p>
<p>Das sind Sitze mit 1,8 bis 2,5cm starker Grundplatte (variabel), darauf ist fester Schaumstoff mit 5cm, Vlies und echtes Leder.</p>
<p>Mögliche Farben siehe Fotos / Farbkarten.</p>
<p>Der Preis ist für <strong>Kleinmengen </strong>(sofern lagernd)!<br />
Größere Mengen, andere Farben und Preis für Sitze mit anderem Durchmesser auf <a href="https://www.moebel.org/cms/kontaktformular/" rel="noopener"><strong>ANFRAGE</strong></a></p>
<p>Alternativen (mit Kunstleder): <a href="https://www.moebel.org/cms/produkt/barhockersitz-elena-kunstleder/">&nbsp;ELENA</a></p>

<p><strong>Sonderanfertigung Barhocker-Sitze mit echtem Leder</strong> (auch nach Maß).<br />
Farben siehe Farbkarten in der Galerie.</p>
<p>Preis für andere Durchmesser und größere Mengen auf <a href="https://www.moebel.org/cms/kontaktformular/" rel="noopener"><b>ANFRAGE</b></a></p>
