{"id":2757,"date":"2021-01-30T10:17:18","date_gmt":"2021-01-30T09:17:18","guid":{"rendered":"https:\/\/www.moebel.org\/cms\/?post_type=product&#038;p=2757"},"modified":"2023-12-25T17:39:01","modified_gmt":"2023-12-25T16:39:01","slug":"barhockergestell-wales-0312-57-4600","status":"publish","type":"product","link":"https:\/\/www.moebel.org\/cms\/produkt\/barhockergestell-wales-0312-57-4600\/","title":{"rendered":"Barhockergestell Wales-0312-57-4600"},"content":{"rendered":"<p><strong>Barhockergestell<\/strong> Mod. Wales-0312-57-4600 (Sitz ist nicht inklusive)<br \/>\nFarbe Gestell: Wei\u00dfaluminium<\/p>\n<p>Bodenplatte 380 x 350 mm<br \/>\nFussring 350 x 350 x 40 mm<br \/>\nS\u00e4ule70 x 5 mm<br \/>\nWeissaluminium beschichtet (RAL 9006)<br \/>\nH\u00f6he 750 mm<br \/>\nFilzgleiter<br \/>\nPreis ohne Sitz, hier kann z.b. ein quadratischer <strong>Ledersitz <\/strong>angefertigt werden oder aber ein quadratischer Sitz aus <a href=\"https:\/\/www.moebel.org\/cms\/wp-content\/uploads\/Sitz-Wales-0383-11-Buche-roh.jpg\"><strong>Holz <\/strong><\/a>(bei Verwendung von Sitzen in unterschiedlicher St\u00e4rke, \u00e4ndert sich nat\u00fcrlich die Sitzh\u00f6he).<\/p>\n<p>Gr\u00f6\u00dfere Mengen auf Anfrage:<br \/>\n<a href=\"https:\/\/www.moebel.org\/cms\/kontaktformular\/\" target=\"_blank\" rel=\"noopener\"><strong><span style=\"color: #d75e11;\">Kontakt<\/span><\/strong><\/a><\/p>\n","protected":false},"excerpt":{"rendered":"<p><strong>Barhockergestell<\/strong> Mod. Wales-0312-57-4600 <strong>ohne Sitz<\/strong> (bitte extra bestellen)<br \/>\nFarbe: Wei\u00dfaluminium<\/p>\n<p>Bodenplatte 380 x 350 mm<br \/>\nFussring 350 x 350 x 40 mm<br \/>\nS\u00e4ule70 x 5 mm<br \/>\nWeissaluminium beschichtet (RAL 9006)<br \/>\nH\u00f6he 750 mm<br \/>\nFilzgleiter<\/p>\n<p>Gr\u00f6\u00dfere Mengen auf Anfrage:<br \/>\n<a href=\"https:\/\/www.moebel.org\/cms\/kontaktformular\/\" target=\"_blank\" rel=\"noopener\"><strong><span style=\"color: #d75e11;\">Kontakt<\/span><\/strong><\/a><\/p>\n","protected":false},"featured_media":2846,"template":"","meta":{"ngg_post_thumbnail":0},"product_brand":[],"product_cat":[69],"product_tag":[366,199,367,368,208,214,211,279,369,370,222,213,209,365,221,200,223],"class_list":{"0":"post-2757","1":"product","2":"type-product","3":"status-publish","4":"has-post-thumbnail","6":"product_cat-metallbarhocker","7":"product_tag-bar","8":"product_tag-barhocker","9":"product_tag-bistro","10":"product_tag-cafe","11":"product_tag-farbig","12":"product_tag-gastronomie","13":"product_tag-hocker","14":"product_tag-hotellerie","15":"product_tag-kaffeehaus","16":"product_tag-lokal","17":"product_tag-metall","18":"product_tag-quadratisch","19":"product_tag-ral","20":"product_tag-restaurant","21":"product_tag-stahl","22":"product_tag-tresenhocker","23":"product_tag-verchromt","24":"product_shipping_class-spedition","26":"first","27":"instock","28":"taxable","29":"shipping-taxable","30":"purchasable","31":"product-type-simple"},"_links":{"self":[{"href":"https:\/\/www.moebel.org\/cms\/wp-json\/wp\/v2\/product\/2757","targetHints":{"allow":["GET"]}}],"collection":[{"href":"https:\/\/www.moebel.org\/cms\/wp-json\/wp\/v2\/product"}],"about":[{"href":"https:\/\/www.moebel.org\/cms\/wp-json\/wp\/v2\/types\/product"}],"wp:featuredmedia":[{"embeddable":true,"href":"https:\/\/www.moebel.org\/cms\/wp-json\/wp\/v2\/media\/2846"}],"wp:attachment":[{"href":"https:\/\/www.moebel.org\/cms\/wp-json\/wp\/v2\/media?parent=2757"}],"wp:term":[{"taxonomy":"product_brand","embeddable":true,"href":"https:\/\/www.moebel.org\/cms\/wp-json\/wp\/v2\/product_brand?post=2757"},{"taxonomy":"product_cat","embeddable":true,"href":"https:\/\/www.moebel.org\/cms\/wp-json\/wp\/v2\/product_cat?post=2757"},{"taxonomy":"product_tag","embeddable":true,"href":"https:\/\/www.moebel.org\/cms\/wp-json\/wp\/v2\/product_tag?post=2757"}],"curies":[{"name":"wp","href":"https:\/\/api.w.org\/{rel}","templated":true}]}}

<p><strong>Barhockergestell</strong> Mod. Wales-0312-57-4600 (Sitz ist nicht inklusive)<br />
Farbe Gestell: Weißaluminium</p>
<p>Bodenplatte 380 x 350 mm<br />
Fussring 350 x 350 x 40 mm<br />
Säule70 x 5 mm<br />
Weissaluminium beschichtet (RAL 9006)<br />
Höhe 750 mm<br />
Filzgleiter<br />
Preis ohne Sitz, hier kann z.b. ein quadratischer <strong>Ledersitz </strong>angefertigt werden oder aber ein quadratischer Sitz aus <a href="https://www.moebel.org/cms/wp-content/uploads/Sitz-Wales-0383-11-Buche-roh.jpg"><strong>Holz </strong></a>(bei Verwendung von Sitzen in unterschiedlicher Stärke, ändert sich natürlich die Sitzhöhe).</p>
<p>Größere Mengen auf Anfrage:<br />
<a href="https://www.moebel.org/cms/kontaktformular/" target="_blank" rel="noopener"><strong><span style="color: #d75e11;">Kontakt</span></strong></a></p>

<p><strong>Barhockergestell</strong> Mod. Wales-0312-57-4600 <strong>ohne Sitz</strong> (bitte extra bestellen)<br />
Farbe: Weißaluminium</p>
<p>Bodenplatte 380 x 350 mm<br />
Fussring 350 x 350 x 40 mm<br />
Säule70 x 5 mm<br />
Weissaluminium beschichtet (RAL 9006)<br />
Höhe 750 mm<br />
Filzgleiter</p>
<p>Größere Mengen auf Anfrage:<br />
<a href="https://www.moebel.org/cms/kontaktformular/" target="_blank" rel="noopener"><strong><span style="color: #d75e11;">Kontakt</span></strong></a></p>
