{"id":499,"date":"2018-08-24T00:23:58","date_gmt":"2018-08-23T22:23:58","guid":{"rendered":"https:\/\/www.moebel.org\/cms\/?page_id=499"},"modified":"2022-11-07T13:12:52","modified_gmt":"2022-11-07T12:12:52","slug":"klapptische-klapptischgestelle","status":"publish","type":"page","link":"https:\/\/www.moebel.org\/cms\/klapptische-klapptischgestelle\/","title":{"rendered":"Klapptische &#8211; Klapptischgestelle"},"content":{"rendered":"\n<p><strong>Klapptische &#8211; Klapptischgestelle<\/strong><\/p>\n\n\n\n<p>Unsere Auswahl an Tischen f\u00fcr Seminarr\u00e4ume, Schulen, Hotels und f\u00fcr die Gastronomie.<br>Klapptische bzw. Klapptischgestelle (ohne Tischplatte), einzelne Klappf\u00fc\u00dfe bzw. Tischbeine, viele verschiedene Ausf\u00fchrungen und Materialien (Stahl verchromt, farbig pulverbeschichtet, lackiert, Holz, Alu, \u2026).<\/p>\n\n\n\n<p><br>Diese Tische bzw. Tischgestelle sind nicht nur klappbar sondern teilweise sind die Tisch damit auch <strong>stapelbar<\/strong> oder (mit Rollen) sogar <strong>fahrbar<\/strong>. Zur Verwendung als <strong>Seminartische <\/strong>in Hotels oder in Schulen, f\u00fcr den Saal (Speisesaal), f\u00fcr den Schulungsraum in Firmen, f\u00fcr Ausstellungen, <strong>Messen <\/strong>und sonstige <strong>Events<\/strong>.\u00a0<br>Klappttische sind platzsparend beim Transport oder bei der Lagerung, durch Klappmechanismus und durch Stapelm\u00f6glichkeit sind sie also <strong>leicht zu verstauen und zu transportieren<\/strong>. Das Modell 08 k\u00f6nnen wir auch mit Rollen anbieten, so werden Seminartische auch fahrbar.\u00a0<\/p>\n\n\n\n<hr class=\"wp-block-separator has-alpha-channel-opacity\"\/>\n\n\n\n<p>Aktion Lagerware!<br>Stapelbare Klapptischgestelle &#8220;Pianissimo&#8221;<br>Fu\u00dfbreite 580 mm, Rohr-\u00f8 25 mm,<br>F\u00fc\u00dfe mit PVC-Gleitern, stapelbar,<br>H\u00f6he 710 mm,\u00a0<br>f\u00fcr Tischplattengr\u00f6\u00dfe min. 1200 x 700 mm, max. 1800 x 900 mm<br>\u00a0<\/p>\n\n\n\n<figure class=\"wp-block-image size-large is-resized\"><img loading=\"lazy\" decoding=\"async\" src=\"https:\/\/www.moebel.org\/Klapptische-Klapptischgestelle\/Klapptisch-Klapptischgestell-Pianissimo-Klapptische-Klapptischgestelle.JPG\" alt=\"\" width=\"500\" height=\"326\"\/><\/figure>\n\n\n\n<p>Lagerware (=verchromt poliert):\u00a0 <a href=\"https:\/\/www.moebel.org\/cms\/produkt\/klapptischgestell-pianissimo-ohne-tischplatte\/\">Shop<\/a><br>Preise f\u00fcr\u00a0andere Farben\u00a0auf Anfrage weil mengenabh\u00e4ngig.<br>Gestellfarbe\u00a0Silber\u00a0bzw. Gestell\u00a0alufarbig\u00a0auch m\u00f6glich (nicht lagernd, bei gr\u00f6\u00dferen Mengen gleicher Preis, sonst auf Anfrage).\u00a0<\/p>\n\n\n\n<p>Tische mit diesen Klappgestellen sind einfach&nbsp;zusammenklappbar,&nbsp;dann auch&nbsp;stapelbar&nbsp;und so sehr&nbsp;platzsparend. Optimal f\u00fcr Seminarr\u00e4ume, Schulungsr\u00e4ume, Veranstaltungss\u00e4le, Schulen, Veranstaltungen, etc., die auch f\u00fcr andere Zwecke (&#8220;tischlos&#8221;) gen\u00fctzt werden.&nbsp;<\/p>\n\n\n\n<p>&lt;&lt;&lt; Abmessungen Klapptischgestell &#8220;Pianissimo&#8221;Tischplatten nach Ma\u00df<\/p>\n\n\n\n<p>Passende&nbsp;Tischplatten&nbsp;bitte&nbsp;extra&nbsp;bestellen (wir haben da eine Vielzahl an M\u00f6glichkeiten, Formen und Farben), passende&nbsp;Stapelst\u00fchle&nbsp;in den verschiedensten Ausf\u00fchrungen (Holz, Metall, Alu und PVC) und Preisklassen liefern wir Ihnen ebenfalls gerne!<\/p>\n\n\n\n<hr class=\"wp-block-separator has-alpha-channel-opacity\"\/>\n\n\n\n<p>\u00a0<br><strong>Aktion Lagerware!\u00a0Mod. 04<br><\/strong>\u00a0<br>Einzelne, klappbare Tischbeine<\/p>\n\n\n\n<figure class=\"wp-block-image size-large is-resized\"><img loading=\"lazy\" decoding=\"async\" src=\"https:\/\/www.moebel.org\/Klapptische-Klapptischgestelle\/Klappfuss-Klappfuesse-Tischbeine-Tischbein-klappbar-04.jpg\" alt=\"\" width=\"449\" height=\"632\"\/><\/figure>\n\n\n\n<p>Verchromt poliert\u00a0siehe <a href=\"https:\/\/www.moebel.org\/cms\/produkt-kategorie\/tische-tischgestelle\/tischbeine-tischfuesse-klappbar-klappfuesse\/\">Shop<\/a>.<\/p>\n\n\n\n<p>In Farbe&nbsp;Silber&nbsp;bzw. Gestell&nbsp;alufarbig&nbsp;auch m\u00f6glich (nicht lagernd, bei gr\u00f6\u00dferen Mengen gleicher Preis, sonst auf Anfrage).<br>Preise&nbsp;sind immer&nbsp;per Stk.&nbsp;Diese klappbaren Tischbeine passen auch f\u00fcr Tische die mittels Montagewinkeln an einer Wand montiert werden und bei denen dadurch nur auf einer Seite Beine n\u00f6tig sind. Speziell wenn so ein an einer Wand mittels Scharnier montierter Tisch auch noch hochgeklappt werden kann, ist so ein Tischfu\u00df optimal weil im hochgeklappten Zustand der Fu\u00df an der Platte anliegt.<\/p>\n\n\n\n<p>Klappfu\u00df \/ Tischfu\u00df klappbar, mit \u00d6ffnungs- und Verschlussmechanismus. Rohr \u00f8 50 mm, L\u00e4nge 710 mm, Stahl verchromt oder lackiert (schwarz, wei\u00df, grau). Ausgestattet mit verschlei\u00dffestem Abstandshalter zum Stapeln der Tische wenn selbige nicht in Gebrauch sind.<\/p>\n\n\n\n<p>Links zu den\u00a0<a href=\"https:\/\/www.moebel.org\/tischplatten-tischplatte.htm\">Tischplatten\u00a0<\/a>(teilweise lagernd)\u00a0<\/p>\n\n\n\n<p>|\u00a0Tischplatten nach Ma\u00df (Kunststoff)\u00a0|\u00a0Tischplatten nach Ma\u00df (Holz)\u00a0|\u00a0Outdoor-Tischplatten mit fixen Ma\u00dfen\u00a0|\u00a0Tischplatten mit gerundeten Ecken\u00a0|<\/p>\n\n\n\n<hr class=\"wp-block-separator has-alpha-channel-opacity\"\/>\n\n\n\n<p><strong>Klapptischgestelle 07 und 08<\/strong><\/p>\n\n\n\n<figure class=\"wp-block-image size-large is-resized\"><img loading=\"lazy\" decoding=\"async\" src=\"https:\/\/www.moebel.org\/Klapptische-Klapptischgestelle\/Tisch-Tische-Platte-klappbar-abklappbar-07-08.JPG\" alt=\"\" width=\"407\" height=\"789\"\/><\/figure>\n\n\n\n<p><strong>Tische mit abklappbarer Platte<\/strong>, auch fahrbar (mit Rollen) lieferbar.Praktischer Einhand-Mechanismus der beide Verriegelungen an den Beinen mit 1 Handgriff entriegelt. Den Klapptisch bzw. das Klapptischgestell Mod. 08 gibt es auch mit\u00a0Rollen\u00a0bzw.\u00a0R\u00e4dern. Wenn ein Seminarraum oder Saal f\u00fcr verschiedene Nutzungen oft leerger\u00e4umt werden muss, sind fahrbare Tische ein Hit (alternativ gibt es dazu auch die\u00a0Transportkarren\u00a0bzw. Tischkarren).<\/p>\n\n\n\n<p><a href=\"https:\/\/www.moebel.org\/cms\/produkt-kategorie\/tische-tischgestelle\/klapptische-klapptischgestelle\/\">Shop<\/a><\/p>\n\n\n\n<p><\/p>\n\n\n\n<p><\/p>\n\n\n\n<hr class=\"wp-block-separator has-alpha-channel-opacity\"\/>\n\n\n\n<p>Gestelle f\u00fcr runde Klapptische<\/p>\n\n\n\n<p>Runde Klapptische 70 cm\u00a0<br>Platzsparendes Klapptischgestell f\u00fcr runde Tische<\/p>\n\n\n\n<figure class=\"wp-block-image size-large\"><img decoding=\"async\" src=\"https:\/\/www.moebel.org\/Klapptische-Klapptischgestelle\/Klapptischgestelle-14-fuer-runde-Tischplatten-stapelbar_kl.jpg\" alt=\"\"\/><\/figure>\n\n\n\n<p>Gebogene F\u00fc\u00dfe, Gestell mit Klappemechanismus<br>Versetzt angeschwei\u00dfte, gebogene F\u00fc\u00dfe zum Platzsparen<\/p>\n\n\n\n<p>Runde Klapptische 160 und 180 cm<\/p>\n\n\n\n<p><br>Runde Klapptische h\u00f6henverstellbar<\/p>\n\n\n\n<figure class=\"wp-block-image size-large is-resized\"><img loading=\"lazy\" decoding=\"async\" src=\"https:\/\/www.moebel.org\/Klapptische-Klapptischgestelle\/Klapptische-rund-160-und-180_cm_gr.jpg\" alt=\"\" width=\"535\" height=\"701\"\/><\/figure>\n\n\n\n<p>Spezial-Klappgestelle f\u00fcr gro\u00dfe, runde Tische<br>Als Stehtisch und f\u00fcr den Essbereich&nbsp;geeignet durch die H\u00f6henverstellung<\/p>\n\n\n\n<p><strong>Klapptisch 15, h\u00f6henverstellbare Klapptische<\/strong><\/p>\n\n\n\n<p><br>Ein Vortrag oder eine Veranstaltung f\u00fcr Kinder kann eventuell eine andere Tischh\u00f6he erfordern als ein Seminar oder ein Event f\u00fcr Erwachsene, ein Klapptisch der h\u00f6henverstellbar ist schafft hier Abhilfe.<\/p>\n\n\n\n<figure class=\"wp-block-image size-large is-resized\"><img loading=\"lazy\" decoding=\"async\" src=\"https:\/\/www.moebel.org\/Klapptische-Klapptischgestelle\/Hoehenverstellbares-Klapptischgestell-15.jpg\" alt=\"\" width=\"333\" height=\"439\"\/><\/figure>\n\n\n\n<p><strong><a href=\"https:\/\/www.moebel.org\/cms\/produkt\/andrea_15-klapptischgestelle-hoehenverstellbar-klapptische\/\">Shop<\/a><\/strong><\/p>\n\n\n\n<hr class=\"wp-block-separator has-alpha-channel-opacity\"\/>\n\n\n\n<p><\/p>\n\n\n\n<p><strong>Klapptischgestell 03, f\u00fcr kleine, eckige Tischplatten<\/strong><\/p>\n\n\n\n<p><strong><br><\/strong>Viele Klapptisch-Beine bzw. -Gestelle brauchen eine gro\u00dfe Platte um zusammengeklappt Platz zu finden unter der Tischplatte, dieses Modell 03 schafft Abhilfe wenn der Klapptisch quadratisch oder rechteckig sein soll.\u00a0<\/p>\n\n\n\n<figure class=\"wp-block-image size-large\"><img decoding=\"async\" src=\"https:\/\/www.moebel.org\/Klapptische-Klapptischgestelle\/Klapptische-03-Klapptischgestelle-fuer-kleine-Tischplatten_kl.jpg\" alt=\"\"\/><\/figure>\n\n\n\n<p><\/p>\n\n\n\n<hr class=\"wp-block-separator has-alpha-channel-opacity\"\/>\n\n\n\n<p><\/p>\n\n\n\n<p><strong>Klapptisch-Gestell 02 BIG<\/strong><\/p>\n\n\n\n<figure class=\"wp-block-image size-large\"><img decoding=\"async\" src=\"https:\/\/www.moebel.org\/Klapptische-Klapptischgestelle\/Klapptische-Klapptischgestelle-Pianissimo-grande_kl.jpg\" alt=\"\"\/><\/figure>\n\n\n\n<p><a href=\"https:\/\/www.moebel.org\/cms\/produkt\/klapptischgestell-pianissimo-f2-big\/\">Shop<\/a><\/p>\n\n\n\n<p>Das XL-Klapptischgestell, f\u00fcr gro\u00dfe bzw. f\u00fcr breite Tischplatten, sowohl f\u00fcr runde als auch f\u00fcr eckige Tischplatten verwendbar.F\u00fcr runde Tischplatten bis 180 cm Durchmesser.F\u00fcr eckige Tischplatten mit mindestens 120 x 120 cm und maximal 140 x 140 cm.Die Tischplattenst\u00e4rke sollte hier mindestens 24 oder 25 mm sein wegen der L\u00e4nge der Schrauben.<\/p>\n\n\n\n<p>Beispiele f\u00fcr die Anordnung (Konferenztische)L\u00f6sungen, Kombinationen und Stellm\u00f6glichkeiten f\u00fcr runde und eckige Tische bei Seminaren oder Besprechungen, Varianten f\u00fcr die Anordnung f\u00fcr Konferenzen und Seminare, Eckl\u00f6sungen und Verbindungsm\u00f6glichkeiten.<\/p>\n\n\n\n<p>Transportkarre \/ WagenFlexible Wagen f\u00fcr klappbare Tische, zerlegbar! Diese Transportwagen gibt es f\u00fcr eckige und runde Tische, sie werden ma\u00dfgefertigt passend zur Gr\u00f6\u00dfe der Tische und Tischplatten die damit transportiert werden sollen (auftragsbezogene Fertigung). Das Gel\u00e4nder das beim Fahren auch als Griff dient ist abnehmbar und so eine Tischkarre kann daher auch platzsparend verstaut werden im Lagerraum.<\/p>\n\n\n\n<figure class=\"wp-block-image size-large\"><img decoding=\"async\" src=\"https:\/\/www.moebel.org\/Klapptische-Klapptischgestelle\/Transportkarren-Tischkarren-Transportwagen-Tische_kl.jpg\" alt=\"\"\/><\/figure>\n\n\n\n<p><strong>Klapptische nach Ma\u00df<br><\/strong>\u00a0<br>Modell Haiding, klappbare Tische f\u00fcr Seminar- und Schulungsr\u00e4ume und f\u00fcr die Gastronomie, nach Ma\u00df gefertigt in Breite ca. 80 cm und in L\u00e4ngen von 120 bis 200 cm. Ein elegantes Modell mit offenen Tischbeinen die dem Gast bzw. Seminarteilnehmer viel Beinfreiheit bieten und in Sachen Reinigung sehr praktisch sind.\u00a0\u00a0<br>Diese Tische k\u00f6nnen fix fertig zusammengebaut bestellt werden (inkl. Tischplatte) oder nur die klappbaren Tischbeine alleine (im Karton).<br>Preise\u00a0grunds\u00e4tzlich auf Anfrage weil mengenabh\u00e4ngig.<\/p>\n\n\n\n<figure class=\"wp-block-image size-large is-resized\"><img loading=\"lazy\" decoding=\"async\" src=\"https:\/\/www.moebel.org\/Klapptische-Klapptischgestelle\/Klapptische-Klapptisch-Haiding-02.JPG\" alt=\"\" width=\"443\" height=\"296\"\/><\/figure>\n\n\n\n<p>&#8212;&#8212;&#8212;&#8212;&#8212;&#8212;&#8212;&#8212;&#8212;&#8212;&#8212;&#8211;<\/p>\n\n\n\n<p>Aktion Lagerware!<br><strong>Klapptischgestell stapelbar &#8220;Fortissimo&#8221;<\/strong><\/p>\n\n\n\n<p><br>Fu\u00dfbreite 596 mm, Rohr-\u00f8 25 mm,<br>F\u00fc\u00dfe mit PVC-Gleitern, stapelbar, H\u00f6he 710 mm, f\u00fcr Tischplattengr\u00f6\u00dfe min. 1200 x 700 mm, max. 1800 x 900 mm<br>Auch mit diesen Klapptischgestellen sind Ihre Tische\u00a0stapelbar! Der Unterschied zum Modell &#8220;Piano&#8221; liegt in der Form der Tischbeine<\/p>\n\n\n\n<figure class=\"wp-block-image size-large\"><img decoding=\"async\" src=\"https:\/\/www.moebel.org\/Klapptische-Klapptischgestelle\/Klapptisch-5.gif\" alt=\"\"\/><\/figure>\n\n\n\n<p><a href=\"https:\/\/www.moebel.org\/cms\/produkt\/klapptischgestell-fortissimo\/\">Shop<\/a><\/p>\n\n\n\n<p><\/p>\n\n\n\n<p> Abmessungen Klapptischgestell &#8220;Fortissimo&#8221;Tischplatten nach Ma\u00df<\/p>\n\n\n\n<p>Lagerware (=verchromt poliert):&nbsp;89,90 netto&nbsp;zzgl. Transportkosten<br>Preise f\u00fcr&nbsp;andere Farben&nbsp;auf Anfrage weil mengenabh\u00e4ngig.<\/p>\n\n\n\n<p>Klapptischgestell Modell 8050<\/p>\n\n\n\n<p><br>Formrohrzarge 1400 x 700 mm, Formrohr 30 x 30 mm, F\u00fc\u00dfe mit Verstellgleitern, H\u00f6he 700 mm, f\u00fcr Tischplatte ab 1400 x 700 mm, Gewicht: ca. 12 kg\u00a0<br>Schwarz 103 322 896 &#8211;\u00a0per Garnitur 252.-\u00a0EURO + MwSt.<\/p>\n\n\n\n<figure class=\"wp-block-image size-large\"><img decoding=\"async\" src=\"https:\/\/www.moebel.org\/Klapptische-Klapptischgestelle\/Klapptischgestelle-Klapptische-Wales-8054600-kl.jpg\" alt=\"\"\/><\/figure>\n\n\n\n<p>Klapptischgestell Modell &#8220;P-808&#8221;<\/p>\n\n\n\n<p><a href=\"https:\/\/www.moebel.org\/cms\/produkt\/klapptischgestell-mod-wales-8054600\/\">Shop<\/a><br>Fu\u00dfbreite 650 mm, Formrohr 30 x 30 mm, F\u00fc\u00dfe mit Verstellgleitern, H\u00f6he 700 mm, f\u00fcr Tischplatte mit Holzzarge ab 860 x 720 mm,\u00a0Gewicht: ca. 8 kg<br>Schwarz,\u00a0per Garnitur 168.-\u00a0EURO + MwSt.<br>Technisch\u00a0verchromt,\u00a0per Garnitur 292.-\u00a0EURO + MwSt.<br>\u00a0<\/p>\n\n\n\n<figure class=\"wp-block-image size-large\"><img decoding=\"async\" src=\"https:\/\/www.moebel.org\/Klapptische-Klapptischgestelle\/Klapptischgestelle-Klapptische-Wales-P-8084600-kl.jpg\" alt=\"\"\/><\/figure>\n\n\n\n<p>Klapptischgestell Modell 8100<\/p>\n\n\n\n<p><br>Fu\u00dfbreite 550 mm, Rohr \u00f8 28 mm, F\u00fc\u00dfe mit PVC-Gleitern, H\u00f6he 700 mm, f\u00fcr Tischplatte ab 1450 x 600 mm, Gewicht: ca. 7 kg\u00a0<br>Schwarz 103 322 890 &#8211;\u00a0per Garnitur 143.-\u00a0EURO + MwSt.<br>Technisch verchromt 103 322 891 &#8211;\u00a0per Garnitur 284.-\u00a0EURO + MwSt.<br>\u00a0<\/p>\n\n\n\n<figure class=\"wp-block-image size-large\"><img decoding=\"async\" src=\"https:\/\/www.moebel.org\/Klapptische-Klapptischgestelle\/Klapptischgestelle-Klapptische-Wales-8104600-kl.jpg\" alt=\"\"\/><\/figure>\n\n\n\n<p>Klapptischgestell Modell 8120<\/p>\n\n\n\n<p><br>Fu\u00dfbreite 550 mm, Rohr \u00f8 28 mm, F\u00fc\u00dfe mit PVC-Gleitern, H\u00f6he 700 mm, f\u00fcr Tischplatte ab 1450 x 600 mm, Gewicht: ca. 7 kg\u00a0<br>Schwarz 103 322 892 &#8211;\u00a0per Garnitur 146.-\u00a0EURO + MwSt.<br>Technisch verchromt 103 322 893 &#8211;\u00a0per Garnitur 291.-\u00a0EURO + MwSt.<br>\u00a0<\/p>\n\n\n\n<figure class=\"wp-block-image size-large\"><img decoding=\"async\" src=\"https:\/\/www.moebel.org\/Klapptische-Klapptischgestelle\/Klapptischgestelle-Klapptische-Wales-81204600-kl.jpg\" alt=\"\"\/><\/figure>\n\n\n\n<p>Klapptischgestell Modell 815<\/p>\n\n\n\n<p><br>Fu\u00dfbreite 550 mm, Rohr \u00f8 28 mm, F\u00fc\u00dfe mit PVC-Gleitern (1 Fu\u00df gekr\u00f6pft, 1 Fu\u00df gerade, ein Klapptischgestell speziell f\u00fcr kleinere Tischplatten), H\u00f6he 700 mm, f\u00fcr Tischplatte ab 1250 x 600 mm, Gewicht: ca. 7 kg\u00a0<br>Schwarz 103 319 275 &#8211;\u00a0per Garnitur\u00a0147.- EURO + MwSt.<br>Technisch verchromt 103 319 276 &#8211;\u00a0per Garnitur 286.- EURO + MwSt.<br>\u00a0\u00a0\u00a0\u00a0Foto mit Tischplatte (Apfel Natur)<br>\u00a0<\/p>\n\n\n\n<figure class=\"wp-block-image size-large\"><img decoding=\"async\" src=\"https:\/\/www.moebel.org\/Klapptische-Klapptischgestelle\/Klapptischgestell-Klapptisch-Wales-8154600-kl.jpg\" alt=\"\"\/><\/figure>\n\n\n\n<p>Klapptischgestell Modell 817<\/p>\n\n\n\n<p><br>Fu\u00dfbreite 550 mm, Rohr \u00f8 28 mm, F\u00fc\u00dfe mit PVC-Gleitern (1 Fu\u00df gekr\u00f6pft, 1 Fu\u00df gerade), H\u00f6he 700 mm, f\u00fcr Tischplatte ab 1150 x 600 mm, Gewicht: ca. 7 kg\u00a0<br>Schwarz 103 319 277 &#8211;\u00a0per Garnitur 150.-\u00a0EURO + MwSt.<br>Technisch verchromt 103 319 278 &#8211;\u00a0per Garnitur\u00a0291.-\u00a0EURO + MwSt.<br>\u00a0<\/p>\n\n\n\n<figure class=\"wp-block-image size-large\"><img decoding=\"async\" src=\"https:\/\/www.moebel.org\/Klapptische-Klapptischgestelle\/Klapptischgestelle-Klapptische-Wales-8174600-kl.jpg\" alt=\"\"\/><\/figure>\n\n\n\n<p>Klapptischgestell Modell 820<br>&nbsp;<br>Fu\u00dfbreite 650 mm, Kunststofflager mit Stapelschutz, H\u00f6he: 700 mm<br>Tischplattengr\u00f6\u00dfe min.: 1460 x 700 mm, Gewicht (kg): 8,8<br>Buche roh \/ schwarz beschichtet 103 319 272&nbsp; per Garnitur 236.- EURO + MwSt.<\/p>\n\n\n\n<figure class=\"wp-block-image size-large\"><img decoding=\"async\" src=\"https:\/\/www.moebel.org\/Klapptische-Klapptischgestelle\/Klapptischgestelle-Klapptische-Wales-8204600-kl.jpg\" alt=\"\"\/><\/figure>\n\n\n\n<p>Gartentische&nbsp;(auf Anfrage, Preise sehr mengenabh\u00e4ngig)Outdoor-Tische, klappbar, Modell&nbsp;Z\u00fcrich<br>&nbsp;<\/p>\n\n\n\n<p><a href=\"https:\/\/www.moebel.org\/tischgestelle-stehtische.htm\">Stehtische<\/a><\/p>\n\n\n\n<p><a href=\"https:\/\/www.moebel.org\/tischgestelle-esstische.htm\">Esszimmertische<\/a><\/p>\n\n\n\n<p><a href=\"https:\/\/www.moebel.org\/bambustisch.htm\">Bambustische<\/a><\/p>\n\n\n\n<hr class=\"wp-block-separator has-alpha-channel-opacity\"\/>\n\n\n\n<p>Tischplatten nach Ma\u00df<br>Tischplatten Holz<br>Tischplatten mit gerundeten Ecken<br>Tischplatten mit fixen Ma\u00dfen<\/p>\n\n\n\n<hr class=\"wp-block-separator has-alpha-channel-opacity\"\/>\n\n\n\n<p>St\u00fchle<br><a href=\"https:\/\/www.moebel.org\/kontakt.htm\">Kontakt<\/a><\/p>\n\n\n\n<hr class=\"wp-block-separator has-alpha-channel-opacity\"\/>\n\n\n\n<p>Copyright \u00a9 Manfred Mitter,&nbsp; A- 4710 Grieskirchen<\/p>\n\n\n\n<p>www.moebel.co.at<\/p>\n\n\n\n<p>\u00a0<a href=\"https:\/\/www.moebel.org\/\">M\u00f6bel Mitter &#8211; design and more<\/a><\/p>\n\n\n\n<p>Tische aus Metall, Stahl oder Alu und Tischplatten aus Holz, Glas und Kunststoff. Gestelle und Platten f\u00fcr Seminartische, Esstische und sonstige Tische. F\u00fcr \u00d6sterreich, Schweiz Deutschland und Italien: Klapptische \/ Klapptischgestelle und fertige Tische, Seminartische und Bistrotische, Esstische und andere M\u00f6bel f\u00fcr privat und Gastronomie<\/p>\n\n\n\n<p><a href=\"https:\/\/www.moebel.org\/AGB.htm\">AGB<\/a><br>\u00a0\u00a0\u00a0\u00a0\u00a0\u00a0\u00a0\u00a0\u00a0\u00a0\u00a0\u00a0\u00a0\u00a0\u00a0\u00a0\u00a0\u00a0<br>Einzugs- bzw. Liefergebiet:<br>Wir liefern Gastronomiem\u00f6bel bzw. Hotelm\u00f6bel wie Tische und St\u00fchle innerhalb der EU (und auch weltweit), speziell in \u00d6sterreich, nach Deutschland und in die Schweiz, nat\u00fcrlich auch Liechtenstein und Italien<\/p>\n","protected":false},"excerpt":{"rendered":"<p>Klapptische &#8211; Klapptischgestelle Unsere Auswahl an Tischen f\u00fcr Seminarr\u00e4ume, Schulen, Hotels und f\u00fcr die Gastronomie.Klapptische bzw. Klapptischgestelle (ohne Tischplatte), einzelne Klappf\u00fc\u00dfe bzw. Tischbeine, viele verschiedene Ausf\u00fchrungen<span class=\"excerpt-hellip\"> [\u2026]<\/span><\/p>\n","protected":false},"author":1,"featured_media":0,"parent":0,"menu_order":0,"comment_status":"closed","ping_status":"closed","template":"","meta":{"ngg_post_thumbnail":0,"footnotes":""},"class_list":["post-499","page","type-page","status-publish","hentry"],"_links":{"self":[{"href":"https:\/\/www.moebel.org\/cms\/wp-json\/wp\/v2\/pages\/499","targetHints":{"allow":["GET"]}}],"collection":[{"href":"https:\/\/www.moebel.org\/cms\/wp-json\/wp\/v2\/pages"}],"about":[{"href":"https:\/\/www.moebel.org\/cms\/wp-json\/wp\/v2\/types\/page"}],"author":[{"embeddable":true,"href":"https:\/\/www.moebel.org\/cms\/wp-json\/wp\/v2\/users\/1"}],"replies":[{"embeddable":true,"href":"https:\/\/www.moebel.org\/cms\/wp-json\/wp\/v2\/comments?post=499"}],"version-history":[{"count":12,"href":"https:\/\/www.moebel.org\/cms\/wp-json\/wp\/v2\/pages\/499\/revisions"}],"predecessor-version":[{"id":5590,"href":"https:\/\/www.moebel.org\/cms\/wp-json\/wp\/v2\/pages\/499\/revisions\/5590"}],"wp:attachment":[{"href":"https:\/\/www.moebel.org\/cms\/wp-json\/wp\/v2\/media?parent=499"}],"curies":[{"name":"wp","href":"https:\/\/api.w.org\/{rel}","templated":true}]}}